Last updated on 2024-08-31 08:48:13 CEST.
Flavor | Version | Tinstall | Tcheck | Ttotal | Status | Flags |
---|---|---|---|---|---|---|
r-devel-linux-x86_64-debian-clang | 0.1.3 | 19.51 | 65.86 | 85.37 | OK | |
r-devel-linux-x86_64-debian-gcc | 0.1.3 | 14.72 | 47.89 | 62.61 | OK | |
r-devel-linux-x86_64-fedora-clang | 0.1.3 | 143.43 | NOTE | |||
r-devel-linux-x86_64-fedora-gcc | 0.1.3 | 139.84 | NOTE | |||
r-devel-windows-x86_64 | 0.1.3 | 24.00 | 92.00 | 116.00 | OK | |
r-patched-linux-x86_64 | 0.1.3 | 20.86 | 62.34 | 83.20 | OK | |
r-release-linux-x86_64 | 0.1.3 | 19.71 | 62.40 | 82.11 | OK | |
r-release-macos-arm64 | 0.1.3 | 44.00 | OK | |||
r-release-macos-x86_64 | 0.1.3 | 71.00 | OK | |||
r-release-windows-x86_64 | 0.1.3 | 27.00 | 102.00 | 129.00 | OK | |
r-oldrel-macos-arm64 | 0.1.3 | 43.00 | OK | |||
r-oldrel-macos-x86_64 | 0.1.3 | 69.00 | OK | |||
r-oldrel-windows-x86_64 | 0.1.3 | 30.00 | 111.00 | 141.00 | OK |
Version: 0.1.3
Check: dependencies in R code
Result: NOTE
Namespaces in Imports field not imported from:
‘DT’ ‘attempt’ ‘corpcor’ ‘glue’ ‘htmltools’ ‘pkgload’ ‘processx’
‘tools’
All declared Imports should be used.
Flavors: r-devel-linux-x86_64-fedora-clang, r-devel-linux-x86_64-fedora-gcc