Last updated on 2024-04-18 08:54:33 CEST.
Flavor | Version | Tinstall | Tcheck | Ttotal | Status | Flags |
---|---|---|---|---|---|---|
r-devel-linux-x86_64-debian-clang | 0.1.3 | 33.36 | 84.45 | 117.81 | OK | |
r-devel-linux-x86_64-debian-gcc | 0.1.3 | 23.84 | 64.42 | 88.26 | OK | |
r-devel-linux-x86_64-fedora-clang | 0.1.3 | 151.97 | NOTE | |||
r-devel-linux-x86_64-fedora-gcc | 0.1.3 | 145.08 | NOTE | |||
r-prerel-macos-arm64 | 0.1.3 | 44.00 | OK | |||
r-prerel-windows-x86_64 | 0.1.3 | 25.00 | 96.00 | 121.00 | OK | |
r-patched-linux-x86_64 | 0.1.3 | 27.83 | 82.66 | 110.49 | OK | |
r-release-linux-x86_64 | 0.1.3 | 26.93 | 81.29 | 108.22 | OK | |
r-release-macos-arm64 | 0.1.3 | 43.00 | OK | |||
r-release-macos-x86_64 | 0.1.3 | 69.00 | OK | |||
r-release-windows-x86_64 | 0.1.3 | 35.00 | 111.00 | 146.00 | OK | |
r-oldrel-macos-arm64 | 0.1.3 | 47.00 | NOTE | |||
r-oldrel-windows-x86_64 | 0.1.3 | 33.00 | 117.00 | 150.00 | OK |
Version: 0.1.3
Check: dependencies in R code
Result: NOTE
Namespaces in Imports field not imported from:
‘DT’ ‘attempt’ ‘corpcor’ ‘glue’ ‘htmltools’ ‘pkgload’ ‘processx’
‘tools’
All declared Imports should be used.
Flavors: r-devel-linux-x86_64-fedora-clang, r-devel-linux-x86_64-fedora-gcc, r-oldrel-macos-arm64