Last updated on 2024-08-31 08:48:13 CEST.
Flavor | Version | Tinstall | Tcheck | Ttotal | Status | Flags |
---|---|---|---|---|---|---|
r-devel-linux-x86_64-debian-clang | 1.0.5 | 26.97 | 555.30 | 582.27 | OK | |
r-devel-linux-x86_64-debian-gcc | 1.0.5 | 18.36 | 370.90 | 389.26 | OK | |
r-devel-linux-x86_64-fedora-clang | 1.0.5 | 906.10 | NOTE | |||
r-devel-linux-x86_64-fedora-gcc | 1.0.5 | 899.33 | OK | |||
r-devel-windows-x86_64 | 1.0.5 | 28.00 | 456.00 | 484.00 | NOTE | |
r-patched-linux-x86_64 | 1.0.5 | 29.23 | 517.85 | 547.08 | OK | |
r-release-linux-x86_64 | 1.0.5 | 27.69 | 512.83 | 540.52 | OK | |
r-release-macos-arm64 | 1.0.5 | 218.00 | NOTE | |||
r-release-macos-x86_64 | 1.0.5 | 370.00 | NOTE | |||
r-release-windows-x86_64 | 1.0.5 | 28.00 | 479.00 | 507.00 | NOTE | |
r-oldrel-macos-arm64 | 1.0.5 | 221.00 | NOTE | |||
r-oldrel-macos-x86_64 | 1.0.5 | 598.00 | NOTE | |||
r-oldrel-windows-x86_64 | 1.0.5 | 39.00 | 607.00 | 646.00 | NOTE |
Version: 1.0.5
Check: installed package size
Result: NOTE
installed size is 5.2Mb
sub-directories of 1Mb or more:
data 2.8Mb
doc 1.3Mb
Flavors: r-devel-linux-x86_64-fedora-clang, r-devel-windows-x86_64, r-release-macos-arm64, r-release-macos-x86_64, r-release-windows-x86_64, r-oldrel-macos-arm64, r-oldrel-macos-x86_64, r-oldrel-windows-x86_64