CRAN Package Check Results for Package hacksaw

Last updated on 2024-04-24 07:57:41 CEST.

Flavor Version Tinstall Tcheck Ttotal Status Flags
r-devel-linux-x86_64-debian-clang 0.0.2 1.48 27.08 28.56 NOTE
r-devel-linux-x86_64-debian-gcc 0.0.2 1.86 21.45 23.31 NOTE
r-devel-linux-x86_64-fedora-clang 0.0.2 38.58 NOTE
r-devel-linux-x86_64-fedora-gcc 0.0.2 35.74 NOTE
r-prerel-macos-arm64 0.0.2 17.00 NOTE
r-prerel-windows-x86_64 0.0.2 5.00 44.00 49.00 NOTE
r-patched-linux-x86_64 0.0.2 2.74 27.09 29.83 NOTE
r-release-linux-x86_64 0.0.2 1.91 27.14 29.05 NOTE
r-release-macos-arm64 0.0.2 19.00 NOTE
r-release-macos-x86_64 0.0.2 24.00 NOTE
r-release-windows-x86_64 0.0.2 4.00 47.00 51.00 NOTE
r-oldrel-macos-arm64 0.0.2 17.00 NOTE
r-oldrel-windows-x86_64 0.0.2 4.00 50.00 54.00 NOTE

Check Details

Version: 0.0.2
Check: LazyData
Result: NOTE 'LazyData' is specified without a 'data' directory Flavors: r-devel-linux-x86_64-debian-clang, r-devel-linux-x86_64-debian-gcc, r-devel-linux-x86_64-fedora-clang, r-devel-linux-x86_64-fedora-gcc, r-prerel-macos-arm64, r-prerel-windows-x86_64, r-patched-linux-x86_64, r-release-linux-x86_64, r-release-macos-arm64, r-release-macos-x86_64, r-release-windows-x86_64, r-oldrel-macos-arm64, r-oldrel-windows-x86_64