CRAN Package Check Results for Package haplotypes

Last updated on 2021-07-25 08:50:58 CEST.

Flavor Version Tinstall Tcheck Ttotal Status Flags
r-devel-linux-x86_64-debian-clang 1.1.2 0.40 2.53 2.93 ERROR
r-devel-linux-x86_64-debian-gcc 1.1.2 13.55 87.56 101.11 OK
r-devel-linux-x86_64-fedora-clang 1.1.2 166.78 OK
r-devel-linux-x86_64-fedora-gcc 1.1.2 153.89 OK
r-devel-windows-x86_64 1.1.2 17.00 120.00 137.00 OK
r-devel-windows-x86_64-gcc10-UCRT 1.1.2 OK
r-patched-linux-x86_64 1.1.2 20.68 108.20 128.88 OK
r-patched-solaris-x86 1.1.2 217.60 OK
r-release-linux-x86_64 1.1.2 16.62 110.88 127.50 OK
r-release-macos-arm64 1.1.2 OK
r-release-macos-x86_64 1.1.2 OK
r-release-windows-ix86+x86_64 1.1.2 33.00 145.00 178.00 OK
r-oldrel-macos-x86_64 1.1.2 OK
r-oldrel-windows-ix86+x86_64 1.1.2 35.00 109.00 144.00 OK

Check Details

Version: 1.1.2
Check: package dependencies
Result: ERROR
    Package required but not available: 'phangorn'
    
    See section 'The DESCRIPTION file' in the 'Writing R Extensions'
    manual.
Flavor: r-devel-linux-x86_64-debian-clang