CRAN Package Check Results for Package hce

Last updated on 2024-06-18 08:55:27 CEST.

Flavor Version Tinstall Tcheck Ttotal Status Flags
r-devel-linux-x86_64-debian-clang 0.6.0 5.39 51.71 57.10 OK
r-devel-linux-x86_64-debian-gcc 0.6.0 3.53 39.02 42.55 OK
r-devel-linux-x86_64-fedora-clang 0.6.0 70.96 NOTE
r-devel-linux-x86_64-fedora-gcc 0.6.0 83.97 OK
r-devel-windows-x86_64 0.6.0 7.00 69.00 76.00 NOTE
r-patched-linux-x86_64 0.6.0 5.64 50.51 56.15 OK
r-release-linux-x86_64 0.6.0 4.68 49.62 54.30 OK
r-release-macos-arm64 0.6.0 33.00 NOTE
r-release-macos-x86_64 0.6.0 53.00 NOTE
r-release-windows-x86_64 0.6.0 5.00 86.00 91.00 NOTE
r-oldrel-macos-arm64 0.6.0 41.00 NOTE
r-oldrel-macos-x86_64 0.6.0 80.00 NOTE
r-oldrel-windows-x86_64 0.6.0 6.00 75.00 81.00 NOTE

Check Details

Version: 0.6.0
Check: installed package size
Result: NOTE installed size is 5.2Mb sub-directories of 1Mb or more: doc 4.8Mb Flavors: r-devel-linux-x86_64-fedora-clang, r-devel-windows-x86_64, r-release-macos-arm64, r-release-macos-x86_64, r-release-windows-x86_64, r-oldrel-macos-arm64, r-oldrel-macos-x86_64, r-oldrel-windows-x86_64