Last updated on 2025-01-23 08:49:57 CET.
Flavor | Version | Tinstall | Tcheck | Ttotal | Status | Flags |
---|---|---|---|---|---|---|
r-devel-linux-x86_64-debian-clang | 0.6.7 | 3.81 | 51.72 | 55.53 | OK | |
r-devel-linux-x86_64-debian-gcc | 0.6.7 | 3.21 | 38.98 | 42.19 | OK | |
r-devel-linux-x86_64-fedora-clang | 0.6.7 | 93.14 | OK | |||
r-devel-linux-x86_64-fedora-gcc | 0.6.7 | 107.38 | OK | |||
r-devel-windows-x86_64 | 0.6.7 | 7.00 | 81.00 | 88.00 | OK | |
r-patched-linux-x86_64 | 0.6.7 | 4.55 | 49.60 | 54.15 | OK | |
r-release-linux-x86_64 | 0.6.7 | 3.43 | 49.84 | 53.27 | OK | |
r-release-macos-arm64 | 0.6.7 | 55.00 | NOTE | |||
r-release-macos-x86_64 | 0.6.7 | 83.00 | NOTE | |||
r-release-windows-x86_64 | 0.6.7 | 7.00 | 80.00 | 87.00 | NOTE | |
r-oldrel-macos-arm64 | 0.6.7 | 59.00 | NOTE | |||
r-oldrel-macos-x86_64 | 0.6.7 | 79.00 | NOTE | |||
r-oldrel-windows-x86_64 | 0.6.7 | 6.00 | 85.00 | 91.00 | NOTE |
Version: 0.6.7
Check: installed package size
Result: NOTE
installed size is 5.8Mb
sub-directories of 1Mb or more:
doc 5.2Mb
Flavors: r-release-macos-arm64, r-release-macos-x86_64, r-release-windows-x86_64, r-oldrel-macos-arm64, r-oldrel-macos-x86_64, r-oldrel-windows-x86_64