Last updated on 2024-03-12 07:49:55 CET.
Flavor | Version | Tinstall | Tcheck | Ttotal | Status | Flags |
---|---|---|---|---|---|---|
r-devel-linux-x86_64-debian-clang | 0.1-9 | 11.07 | 196.05 | 207.12 | NOTE | |
r-devel-linux-x86_64-debian-gcc | 0.1-9 | 9.63 | 149.33 | 158.96 | NOTE | |
r-devel-linux-x86_64-fedora-clang | 0.1-9 | 258.00 | NOTE | |||
r-devel-linux-x86_64-fedora-gcc | 0.1-9 | 255.47 | NOTE | |||
r-devel-windows-x86_64 | 0.1-9 | 11.00 | 166.00 | 177.00 | NOTE | |
r-patched-linux-x86_64 | 0.1-9 | 15.35 | 199.15 | 214.50 | OK | |
r-release-linux-x86_64 | 0.1-9 | 12.06 | 194.30 | 206.36 | OK | |
r-release-macos-arm64 | 0.1-9 | 79.00 | OK | |||
r-release-macos-x86_64 | 0.1-9 | 135.00 | OK | |||
r-release-windows-x86_64 | 0.1-9 | 14.00 | 200.00 | 214.00 | OK | |
r-oldrel-macos-arm64 | 0.1-9 | 76.00 | OK | |||
r-oldrel-windows-x86_64 | 0.1-9 | 14.00 | 203.00 | 217.00 | OK |
Version: 0.1-9
Check: Rd files
Result: NOTE
checkRd: (-1) lasso.proj.Rd:62: Lost braces; missing escapes or markup?
62 | indicated using an index vector with entries in {1,...,p} or a list thereof.}
| ^
Flavors: r-devel-linux-x86_64-debian-clang, r-devel-linux-x86_64-debian-gcc, r-devel-linux-x86_64-fedora-clang, r-devel-linux-x86_64-fedora-gcc, r-devel-windows-x86_64