CRAN Package Check Results for Package hdlm

Last updated on 2021-05-18 08:48:13 CEST.

Flavor Version Tinstall Tcheck Ttotal Status Flags
r-devel-linux-x86_64-debian-clang 1.3.1 11.52 102.73 114.25 OK
r-devel-linux-x86_64-debian-gcc 1.3.1 7.52 78.18 85.70 OK
r-devel-linux-x86_64-fedora-clang 1.3.1 144.71 NOTE
r-devel-linux-x86_64-fedora-gcc 1.3.1 135.68 NOTE
r-devel-windows-ix86+x86_64 1.3.1 25.00 111.00 136.00 OK
r-devel-windows-x86_64-gcc10-UCRT 1.3.1 OK
r-patched-linux-x86_64 1.3.1 10.63 99.53 110.16 OK
r-patched-solaris-x86 1.3.1 195.00 OK
r-release-linux-x86_64 1.3.1 9.76 95.81 105.57 OK
r-release-macos-x86_64 1.3.1 OK
r-release-windows-ix86+x86_64 1.3.1 18.00 109.00 127.00 OK
r-oldrel-macos-x86_64 1.3.1 OK
r-oldrel-windows-ix86+x86_64 1.3.1 15.00 156.00 171.00 OK

Check Details

Version: 1.3.1
Check: compiled code
Result: NOTE
    File ‘hdlm/libs/hdlm.so’:
     Found no calls to: ‘R_registerRoutines’, ‘R_useDynamicSymbols’
    
    It is good practice to register native routines and to disable symbol
    search.
    
    See ‘Writing portable packages’ in the ‘Writing R Extensions’ manual.
Flavors: r-devel-linux-x86_64-fedora-clang, r-devel-linux-x86_64-fedora-gcc