Last updated on 2024-04-23 08:58:01 CEST.
Flavor | Version | Tinstall | Tcheck | Ttotal | Status | Flags |
---|---|---|---|---|---|---|
r-devel-linux-x86_64-debian-clang | 1.0.3 | 170.73 | 201.50 | 372.23 | OK | |
r-devel-linux-x86_64-debian-gcc | 1.0.3 | 134.13 | 159.57 | 293.70 | OK | |
r-devel-linux-x86_64-fedora-clang | 1.0.3 | 510.55 | NOTE | |||
r-devel-linux-x86_64-fedora-gcc | 1.0.3 | 540.43 | NOTE | |||
r-prerel-macos-arm64 | 1.0.3 | 116.00 | NOTE | |||
r-prerel-windows-x86_64 | 1.0.3 | 135.00 | 203.00 | 338.00 | OK | |
r-patched-linux-x86_64 | 1.0.3 | 125.94 | 204.42 | 330.36 | OK | |
r-release-linux-x86_64 | 1.0.3 | 164.80 | 209.33 | 374.13 | OK | |
r-release-macos-arm64 | 1.0.3 | 89.00 | NOTE | |||
r-release-macos-x86_64 | 1.0.3 | 128.00 | NOTE | |||
r-release-windows-x86_64 | 1.0.3 | 165.00 | 225.00 | 390.00 | OK | |
r-oldrel-macos-arm64 | 1.0.3 | 113.00 | NOTE | |||
r-oldrel-windows-x86_64 | 1.0.3 | 156.00 | 220.00 | 376.00 | OK |
Version: 1.0.3
Check: package dependencies
Result: NOTE
Imports includes 24 non-default packages.
Importing from so many packages makes the package vulnerable to any of
them becoming unavailable. Move as many as possible to Suggests and
use conditionally.
Flavor: r-devel-linux-x86_64-fedora-clang
Version: 1.0.3
Check: dependencies in R code
Result: NOTE
Namespaces in Imports field not imported from:
‘MCMCpack’ ‘ggjoy’ ‘isotone’ ‘png’ ‘questionr’ ‘rprojroot’
‘tidyverse’
All declared Imports should be used.
Flavors: r-devel-linux-x86_64-fedora-clang, r-devel-linux-x86_64-fedora-gcc
Version: 1.0.3
Check: installed package size
Result: NOTE
installed size is 7.5Mb
sub-directories of 1Mb or more:
libs 6.7Mb
Flavors: r-prerel-macos-arm64, r-release-macos-arm64, r-release-macos-x86_64, r-oldrel-macos-arm64