Last updated on 2024-03-12 07:49:55 CET.
Flavor | Version | Tinstall | Tcheck | Ttotal | Status | Flags |
---|---|---|---|---|---|---|
r-devel-linux-x86_64-debian-clang | 3.4 | 6.09 | 50.72 | 56.81 | WARN | |
r-devel-linux-x86_64-debian-gcc | 3.4 | 4.46 | 38.45 | 42.91 | OK | |
r-devel-linux-x86_64-fedora-clang | 3.4 | 73.19 | OK | |||
r-devel-linux-x86_64-fedora-gcc | 3.4 | 68.49 | OK | |||
r-devel-windows-x86_64 | 3.4 | 9.00 | 67.00 | 76.00 | NOTE | |
r-patched-linux-x86_64 | 3.4 | 7.40 | 51.32 | 58.72 | OK | |
r-release-linux-x86_64 | 3.4 | 5.55 | 49.66 | 55.21 | OK | |
r-release-macos-arm64 | 3.4 | 26.00 | OK | |||
r-release-macos-x86_64 | 3.4 | 37.00 | OK | |||
r-release-windows-x86_64 | 3.4 | 12.00 | 70.00 | 82.00 | NOTE | |
r-oldrel-macos-arm64 | 3.4 | 26.00 | OK | |||
r-oldrel-windows-x86_64 | 3.4 | 11.00 | 69.00 | 80.00 | OK |
Version: 3.4
Check: whether package can be installed
Result: WARN
Found the following significant warnings:
flang-new: warning: argument unused during compilation: '-Wall' [-Wunused-command-line-argument]
See ‘/home/hornik/tmp/R.check/r-devel-clang/Work/PKGS/hdrcde.Rcheck/00install.out’ for details.
* used C compiler: ‘Debian clang version 18.1.0 (rc4-1)’
* used Fortran compiler: ‘Debian flang-new version 18.1.0 (rc4-1)’
Flavor: r-devel-linux-x86_64-debian-clang
Version: 3.4
Check: C++ specification
Result: NOTE
Specified C++11: please drop specification unless essential
Flavors: r-devel-windows-x86_64, r-release-windows-x86_64