Last updated on 2023-01-28 08:00:36 CET.
Flavor | Version | Tinstall | Tcheck | Ttotal | Status | Flags |
---|---|---|---|---|---|---|
r-devel-linux-x86_64-debian-clang | 0.2.0 | 51.97 | 36.81 | 88.78 | OK | |
r-devel-linux-x86_64-debian-gcc | 0.2.0 | 48.01 | 29.42 | 77.43 | NOTE | |
r-devel-linux-x86_64-fedora-clang | 0.2.0 | 138.77 | OK | |||
r-devel-linux-x86_64-fedora-gcc | 0.2.0 | 130.11 | NOTE | |||
r-devel-windows-x86_64 | 0.2.0 | 53.00 | 86.00 | 139.00 | OK | |
r-patched-linux-x86_64 | 0.2.0 | 47.35 | 37.71 | 85.06 | OK | |
r-release-linux-x86_64 | 0.2.0 | 51.42 | 37.27 | 88.69 | OK | |
r-release-macos-arm64 | 0.2.0 | 39.00 | NOTE | |||
r-release-macos-x86_64 | 0.2.0 | 52.00 | NOTE | |||
r-release-windows-x86_64 | 0.2.0 | 56.00 | 92.00 | 148.00 | OK | |
r-oldrel-macos-arm64 | 0.2.0 | 39.00 | NOTE | |||
r-oldrel-macos-x86_64 | 0.2.0 | 55.00 | NOTE | |||
r-oldrel-windows-ix86+x86_64 | 0.2.0 | 134.00 | 90.00 | 224.00 | OK |
Version: 0.2.0
Check: C++ specification
Result: NOTE
Specified C++14: please update to current default of C++17
Flavors: r-devel-linux-x86_64-debian-gcc, r-devel-linux-x86_64-fedora-gcc
Version: 0.2.0
Check: installed package size
Result: NOTE
installed size is 10.2Mb
sub-directories of 1Mb or more:
libs 10.1Mb
Flavors: r-release-macos-arm64, r-release-macos-x86_64, r-oldrel-macos-arm64, r-oldrel-macos-x86_64