Last updated on 2024-03-12 07:49:55 CET.
Flavor | Version | Tinstall | Tcheck | Ttotal | Status | Flags |
---|---|---|---|---|---|---|
r-devel-linux-x86_64-debian-clang | 2.3.1 | 30.56 | 74.39 | 104.95 | NOTE | |
r-devel-linux-x86_64-debian-gcc | 2.3.1 | 23.66 | 57.32 | 80.98 | NOTE | |
r-devel-linux-x86_64-fedora-clang | 2.3.1 | 141.44 | NOTE | |||
r-devel-linux-x86_64-fedora-gcc | 2.3.1 | 155.05 | NOTE | |||
r-devel-windows-x86_64 | 2.3.1 | 27.00 | 104.00 | 131.00 | NOTE | |
r-patched-linux-x86_64 | 2.3.0 | 33.80 | 74.16 | 107.96 | NOTE | |
r-release-linux-x86_64 | 2.3.1 | 29.90 | 73.75 | 103.65 | NOTE | |
r-release-macos-arm64 | 2.3.1 | 63.00 | NOTE | |||
r-release-macos-x86_64 | 2.3.1 | 100.00 | NOTE | |||
r-release-windows-x86_64 | 2.3.1 | 28.00 | 116.00 | 144.00 | NOTE | |
r-oldrel-macos-arm64 | 2.3.1 | 52.00 | NOTE | |||
r-oldrel-windows-x86_64 | 2.3.1 | 35.00 | 110.00 | 145.00 | NOTE |
Version: 2.3.1
Check: for GNU extensions in Makefiles
Result: NOTE
GNU make is a SystemRequirements.
Flavors: r-devel-linux-x86_64-debian-clang, r-devel-linux-x86_64-debian-gcc, r-devel-linux-x86_64-fedora-clang, r-devel-linux-x86_64-fedora-gcc, r-devel-windows-x86_64, r-release-linux-x86_64, r-release-macos-arm64, r-release-macos-x86_64, r-release-windows-x86_64, r-oldrel-macos-arm64, r-oldrel-windows-x86_64
Version: 2.3.0
Check: for GNU extensions in Makefiles
Result: NOTE
GNU make is a SystemRequirements.
Flavor: r-patched-linux-x86_64
Version: 2.3.1
Check: installed package size
Result: NOTE
installed size is 5.2Mb
sub-directories of 1Mb or more:
R 1.6Mb
doc 1.9Mb
libs 1.4Mb
Flavors: r-release-macos-arm64, r-release-macos-x86_64, r-oldrel-macos-arm64