Last updated on 2024-03-12 07:49:55 CET.
Flavor | Version | Tinstall | Tcheck | Ttotal | Status | Flags |
---|---|---|---|---|---|---|
r-devel-linux-x86_64-debian-clang | 1.28.3 | 10.15 | 75.51 | 85.66 | WARN | |
r-devel-linux-x86_64-debian-gcc | 1.28.3 | 8.30 | 59.64 | 67.94 | OK | |
r-devel-linux-x86_64-fedora-clang | 1.28.3 | 109.84 | OK | |||
r-devel-linux-x86_64-fedora-gcc | 1.28.3 | 120.96 | OK | |||
r-devel-windows-x86_64 | 1.28.3 | 13.00 | 93.00 | 106.00 | OK | |
r-patched-linux-x86_64 | 1.28.3 | 12.09 | 74.47 | 86.56 | OK | |
r-release-linux-x86_64 | 1.28.3 | 7.92 | 75.01 | 82.93 | OK | |
r-release-macos-arm64 | 1.28.3 | 44.00 | OK | |||
r-release-macos-x86_64 | 1.28.3 | 60.00 | NOTE | |||
r-release-windows-x86_64 | 1.28.3 | 14.00 | 102.00 | 116.00 | OK | |
r-oldrel-macos-arm64 | 1.28.3 | 35.00 | OK | |||
r-oldrel-windows-x86_64 | 1.28.3 | 18.00 | 110.00 | 128.00 | OK |
Version: 1.28.3
Check: whether package can be installed
Result: WARN
Found the following significant warnings:
flang-new: warning: argument unused during compilation: '-Wall' [-Wunused-command-line-argument]
See ‘/home/hornik/tmp/R.check/r-devel-clang/Work/PKGS/hexbin.Rcheck/00install.out’ for details.
* used C compiler: ‘Debian clang version 18.1.0 (rc4-1)’
* used Fortran compiler: ‘Debian flang-new version 18.1.0 (rc4-1)’
Flavor: r-devel-linux-x86_64-debian-clang
Version: 1.28.3
Check: package dependencies
Result: NOTE
Packages suggested but not available for checking:
'marray', 'affy', 'Biobase', 'limma'
Flavor: r-release-macos-x86_64
Version: 1.28.3
Check: Rd cross-references
Result: NOTE
Package unavailable to check Rd xrefs: ‘limma’
Flavor: r-release-macos-x86_64
Version: 1.28.3
Check: re-building of vignette outputs
Result: NOTE
Note: skipping ‘hexagon_binning.Rnw’ due to unavailable dependencies:
'marray'
Flavor: r-release-macos-x86_64