CRAN Package Check Results for Package hgutils

Last updated on 2021-07-25 08:50:58 CEST.

Flavor Version Tinstall Tcheck Ttotal Status Flags
r-devel-linux-x86_64-debian-clang 0.2.7 6.05 60.37 66.42 NOTE
r-devel-linux-x86_64-debian-gcc 0.2.7 4.88 44.57 49.45 NOTE
r-devel-linux-x86_64-fedora-clang 0.2.7 84.50 NOTE
r-devel-linux-x86_64-fedora-gcc 0.2.7 72.55 NOTE
r-devel-windows-x86_64 0.2.7 7.00 56.00 63.00 NOTE
r-devel-windows-x86_64-gcc10-UCRT 0.0.0.9011 NOTE
r-patched-linux-x86_64 0.2.7 7.47 54.78 62.25 NOTE
r-patched-solaris-x86 0.2.7 102.50 NOTE
r-release-linux-x86_64 0.2.7 6.32 55.55 61.87 NOTE
r-release-macos-arm64 0.2.7 NOTE
r-release-macos-x86_64 0.2.7 NOTE
r-release-windows-ix86+x86_64 0.2.7 14.00 60.00 74.00 NOTE
r-oldrel-macos-x86_64 0.2.7 OK
r-oldrel-windows-ix86+x86_64 0.2.7 15.00 80.00 95.00 OK

Check Details

Version: 0.2.7
Check: LazyData
Result: NOTE
     'LazyData' is specified without a 'data' directory
Flavors: r-devel-linux-x86_64-debian-clang, r-devel-linux-x86_64-debian-gcc, r-devel-linux-x86_64-fedora-clang, r-devel-linux-x86_64-fedora-gcc, r-devel-windows-x86_64, r-devel-windows-x86_64-gcc10-UCRT, r-patched-linux-x86_64, r-patched-solaris-x86, r-release-linux-x86_64, r-release-macos-arm64, r-release-macos-x86_64, r-release-windows-ix86+x86_64