CRAN Package Check Results for Package highcharter

Last updated on 2021-09-23 08:51:02 CEST.

Flavor Version Tinstall Tcheck Ttotal Status Flags
r-devel-linux-x86_64-debian-clang 0.8.2 12.17 126.82 138.99 OK
r-devel-linux-x86_64-debian-gcc 0.8.2 10.43 95.06 105.49 OK
r-devel-linux-x86_64-fedora-clang 0.8.2 171.21 OK
r-devel-linux-x86_64-fedora-gcc 0.8.2 160.25 OK
r-devel-windows-x86_64 0.8.2 14.00 130.00 144.00 OK
r-devel-windows-x86_64-gcc10-UCRT 0.8.2 ERROR
r-patched-linux-x86_64 0.8.2 13.26 120.02 133.28 OK
r-patched-solaris-x86 0.8.2 228.10 OK
r-release-linux-x86_64 0.8.2 11.05 119.28 130.33 OK
r-release-macos-arm64 0.8.2 OK
r-release-macos-x86_64 0.8.2 OK
r-release-windows-ix86+x86_64 0.8.2 26.00 132.00 158.00 OK
r-oldrel-macos-x86_64 0.8.2 OK
r-oldrel-windows-ix86+x86_64 0.8.2 20.00 124.00 144.00 OK

Check Details

Version: 0.8.2
Check: package dependencies
Result: ERROR
    Packages required but not available: 'rlist', 'igraph'
    
    Packages suggested but not available for checking: 'geojsonio', 'spelling'
    
    See section 'The DESCRIPTION file' in the 'Writing R Extensions'
    manual.
Flavor: r-devel-windows-x86_64-gcc10-UCRT