CRAN Package Check Results for Package highr

Last updated on 2021-05-12 08:48:51 CEST.

Flavor Version Tinstall Tcheck Ttotal Status Flags
r-devel-linux-x86_64-debian-clang 0.9 2.17 24.39 26.56 OK
r-devel-linux-x86_64-debian-gcc 0.9 1.61 19.31 20.92 OK
r-devel-linux-x86_64-fedora-clang 0.9 42.95 OK
r-devel-linux-x86_64-fedora-gcc 0.9 31.45 OK
r-devel-windows-ix86+x86_64 0.9 4.00 41.00 45.00 OK
r-devel-windows-x86_64-gcc10-UCRT 0.9 OK
r-patched-linux-x86_64 0.9 2.04 24.02 26.06 OK
r-patched-solaris-x86 0.9 50.80 OK
r-release-linux-x86_64 0.9 2.01 23.51 25.52 OK
r-release-macos-x86_64 0.9 OK
r-release-windows-ix86+x86_64 0.9 5.00 31.00 36.00 OK
r-oldrel-macos-x86_64 0.9 OK
r-oldrel-windows-ix86+x86_64 0.9 4.00 7.00 11.00 ERROR

Check Details

Version: 0.9
Check: whether package can be installed
Result: ERROR
    Installation failed.
Flavor: r-oldrel-windows-ix86+x86_64