CRAN Package Check Results for Package hnp

Last updated on 2023-02-05 07:57:25 CET.

Flavor Version Tinstall Tcheck Ttotal Status Flags
r-devel-linux-x86_64-debian-clang 1.2-6 5.18 57.68 62.86 NOTE
r-devel-linux-x86_64-debian-gcc 1.2-6 4.47 43.54 48.01 NOTE
r-devel-linux-x86_64-fedora-clang 1.2-6 79.14 NOTE
r-devel-linux-x86_64-fedora-gcc 1.2-6 81.65 NOTE
r-devel-windows-x86_64 1.2-6 19.00 100.00 119.00 NOTE
r-patched-linux-x86_64 1.2-6 5.08 57.02 62.10 NOTE
r-release-linux-x86_64 1.2-6 5.20 56.14 61.34 NOTE
r-release-macos-arm64 1.2-6 24.00 NOTE
r-release-macos-x86_64 1.2-6 38.00 NOTE
r-release-windows-x86_64 1.2-6 12.00 92.00 104.00 NOTE
r-oldrel-macos-arm64 1.2-6 34.00 NOTE
r-oldrel-macos-x86_64 1.2-6 52.00 NOTE
r-oldrel-windows-ix86+x86_64 1.2-6 9.00 89.00 98.00 NOTE

Check Details

Version: 1.2-6
Check: package dependencies
Result: NOTE
    Package suggested but not available for checking: ‘glmmADMB’
Flavors: r-devel-linux-x86_64-debian-clang, r-devel-linux-x86_64-debian-gcc, r-devel-linux-x86_64-fedora-clang, r-devel-linux-x86_64-fedora-gcc, r-devel-windows-x86_64, r-patched-linux-x86_64, r-release-linux-x86_64, r-release-macos-arm64, r-release-macos-x86_64, r-release-windows-x86_64, r-oldrel-macos-arm64, r-oldrel-macos-x86_64, r-oldrel-windows-ix86+x86_64