Last updated on 2024-03-12 07:49:55 CET.
Flavor | Version | Tinstall | Tcheck | Ttotal | Status | Flags |
---|---|---|---|---|---|---|
r-devel-linux-x86_64-debian-clang | 1.0-10 | 4.60 | 57.15 | 61.75 | OK | |
r-devel-linux-x86_64-debian-gcc | 1.0-10 | 4.47 | 46.01 | 50.48 | OK | |
r-devel-linux-x86_64-fedora-clang | 1.0-10 | 83.50 | NOTE | |||
r-devel-linux-x86_64-fedora-gcc | 1.0-10 | 79.02 | OK | |||
r-devel-windows-x86_64 | 1.0-10 | 6.00 | 63.00 | 69.00 | OK | |
r-patched-linux-x86_64 | 1.0-10 | 5.05 | 57.39 | 62.44 | OK | |
r-release-linux-x86_64 | 1.0-10 | 5.47 | 57.41 | 62.88 | OK | |
r-release-macos-arm64 | 1.0-10 | 26.00 | OK | |||
r-release-macos-x86_64 | 1.0-10 | 40.00 | OK | |||
r-release-windows-x86_64 | 1.0-10 | 7.00 | 67.00 | 74.00 | OK | |
r-oldrel-macos-arm64 | 1.0-10 | 28.00 | OK | |||
r-oldrel-windows-x86_64 | 1.0-10 | 7.00 | 74.00 | 81.00 | OK |
Version: 1.0-10
Check: Rd cross-references
Result: NOTE
Undeclared package ‘rgl’ in Rd xrefs
Flavor: r-devel-linux-x86_64-fedora-clang