Last updated on 2024-04-18 08:54:33 CEST.
Flavor | Version | Tinstall | Tcheck | Ttotal | Status | Flags |
---|---|---|---|---|---|---|
r-devel-linux-x86_64-debian-clang | 0.11.6 | 56.01 | 136.05 | 192.06 | OK | |
r-devel-linux-x86_64-debian-gcc | 0.11.6 | 44.21 | 101.11 | 145.32 | OK | |
r-devel-linux-x86_64-fedora-clang | 0.11.6 | 243.16 | OK | |||
r-devel-linux-x86_64-fedora-gcc | 0.11.6 | 248.81 | OK | |||
r-prerel-macos-arm64 | 0.11.6 | 72.00 | NOTE | |||
r-prerel-macos-x86_64 | 0.11.6 | 199.00 | NOTE | |||
r-prerel-windows-x86_64 | 0.11.6 | 39.00 | 132.00 | 171.00 | OK | |
r-patched-linux-x86_64 | 0.11.6 | 36.23 | 127.74 | 163.97 | OK | |
r-release-linux-x86_64 | 0.11.6 | 37.14 | 131.79 | 168.93 | OK | |
r-release-macos-arm64 | 0.11.6 | 84.00 | NOTE | |||
r-release-macos-x86_64 | 0.11.6 | 198.00 | NOTE | |||
r-release-windows-x86_64 | 0.11.6 | 50.00 | 165.00 | 215.00 | OK | |
r-oldrel-macos-arm64 | 0.11.6 | 78.00 | NOTE | |||
r-oldrel-windows-x86_64 | 0.11.6 | 46.00 | 162.00 | 208.00 | OK |
Version: 0.11.6
Check: installed package size
Result: NOTE
installed size is 10.3Mb
sub-directories of 1Mb or more:
libs 9.6Mb
Flavors: r-prerel-macos-arm64, r-prerel-macos-x86_64, r-release-macos-arm64, r-release-macos-x86_64, r-oldrel-macos-arm64