Last updated on 2024-03-12 07:49:55 CET.
Flavor | Version | Tinstall | Tcheck | Ttotal | Status | Flags |
---|---|---|---|---|---|---|
r-devel-linux-x86_64-debian-clang | 2.3.0 | 38.19 | 478.74 | 516.93 | OK | |
r-devel-linux-x86_64-debian-gcc | 2.3.0 | 30.65 | 536.16 | 566.81 | OK | |
r-devel-linux-x86_64-fedora-clang | 2.3.0 | 946.87 | NOTE | |||
r-devel-linux-x86_64-fedora-gcc | 2.3.0 | 963.48 | OK | |||
r-devel-windows-x86_64 | 2.3.0 | 38.00 | 609.00 | 647.00 | NOTE | |
r-patched-linux-x86_64 | 2.3.0 | 32.61 | 630.84 | 663.45 | OK | |
r-release-linux-x86_64 | 2.3.0 | 31.68 | 567.21 | 598.89 | OK | |
r-release-macos-arm64 | 2.3.0 | 315.00 | NOTE | |||
r-release-macos-x86_64 | 2.3.0 | 644.00 | NOTE | |||
r-release-windows-x86_64 | 2.3.0 | 46.00 | 761.00 | 807.00 | NOTE | |
r-oldrel-macos-arm64 | 2.3.0 | 300.00 | NOTE | |||
r-oldrel-windows-x86_64 | 2.3.0 | 46.00 | 722.00 | 768.00 | NOTE |
Version: 2.3.0
Check: installed package size
Result: NOTE
installed size is 6.2Mb
sub-directories of 1Mb or more:
data 1.8Mb
doc 2.3Mb
help 1.1Mb
Flavors: r-devel-linux-x86_64-fedora-clang, r-devel-windows-x86_64, r-release-macos-arm64, r-release-macos-x86_64, r-release-windows-x86_64, r-oldrel-macos-arm64, r-oldrel-windows-x86_64