Last updated on 2023-02-01 07:53:06 CET.
Flavor | Version | Tinstall | Tcheck | Ttotal | Status | Flags |
---|---|---|---|---|---|---|
r-devel-linux-x86_64-debian-clang | 2.2.1 | 31.95 | 424.54 | 456.49 | OK | |
r-devel-linux-x86_64-debian-gcc | 2.2.1 | 27.30 | 300.59 | 327.89 | OK | |
r-devel-linux-x86_64-fedora-clang | 2.2.1 | 534.82 | OK | |||
r-devel-linux-x86_64-fedora-gcc | 2.2.1 | 532.54 | OK | |||
r-devel-windows-x86_64 | 2.2.1 | 93.00 | 542.00 | 635.00 | OK | |
r-patched-linux-x86_64 | 2.2.1 | 31.11 | 384.39 | 415.50 | OK | |
r-release-linux-x86_64 | 2.2.1 | 29.16 | 370.32 | 399.48 | OK | |
r-release-macos-arm64 | 2.2.1 | 140.00 | NOTE | |||
r-release-macos-x86_64 | 2.2.1 | 175.00 | OK | |||
r-release-windows-x86_64 | 2.2.1 | 142.00 | 493.00 | 635.00 | OK | |
r-oldrel-macos-arm64 | 2.2.1 | 141.00 | NOTE | |||
r-oldrel-macos-x86_64 | 2.2.1 | 180.00 | OK | |||
r-oldrel-windows-ix86+x86_64 | 2.2.1 | 59.00 | 686.00 | 745.00 | OK |
Version: 2.2.1
Check: installed package size
Result: NOTE
installed size is 5.4Mb
sub-directories of 1Mb or more:
data 2.0Mb
doc 1.2Mb
Flavors: r-release-macos-arm64, r-oldrel-macos-arm64