Last updated on 2024-04-19 08:54:43 CEST.
Flavor | Version | Tinstall | Tcheck | Ttotal | Status | Flags |
---|---|---|---|---|---|---|
r-devel-linux-x86_64-debian-clang | 0.0.11 | 1.72 | 21.00 | 22.72 | NOTE | |
r-devel-linux-x86_64-debian-gcc | 0.0.11 | NOTE | ||||
r-devel-linux-x86_64-fedora-clang | 0.0.11 | 29.15 | NOTE | |||
r-devel-linux-x86_64-fedora-gcc | 0.0.11 | 27.48 | NOTE | |||
r-prerel-macos-arm64 | 0.0.11 | 18.00 | NOTE | |||
r-prerel-windows-x86_64 | 0.0.11 | 2.00 | 36.00 | 38.00 | NOTE | |
r-patched-linux-x86_64 | 0.0.11 | 1.59 | 20.63 | 22.22 | NOTE | |
r-release-linux-x86_64 | 0.0.11 | 1.92 | 19.84 | 21.76 | NOTE | |
r-release-macos-arm64 | 0.0.11 | 19.00 | NOTE | |||
r-release-macos-x86_64 | 0.0.11 | 19.00 | NOTE | |||
r-release-windows-x86_64 | 0.0.11 | 5.00 | 36.00 | 41.00 | NOTE | |
r-oldrel-macos-arm64 | 0.0.11 | 18.00 | OK | |||
r-oldrel-windows-x86_64 | 0.0.11 | 21.00 | 43.00 | 64.00 | OK |
Version: 0.0.11
Check: Rd files
Result: NOTE
checkRd: (-1) simplePostToHost.Rd:14: Escaped LaTeX specials: \&
Flavors: r-devel-linux-x86_64-debian-clang, r-devel-linux-x86_64-debian-gcc, r-devel-linux-x86_64-fedora-clang, r-devel-linux-x86_64-fedora-gcc, r-prerel-macos-arm64, r-prerel-windows-x86_64, r-patched-linux-x86_64, r-release-linux-x86_64, r-release-macos-arm64, r-release-macos-x86_64, r-release-windows-x86_64