Last updated on 2025-01-25 07:50:28 CET.
Flavor | Version | Tinstall | Tcheck | Ttotal | Status | Flags |
---|---|---|---|---|---|---|
r-devel-linux-x86_64-debian-clang | 1.4.7 | 6.95 | 46.16 | 53.11 | NOTE | |
r-devel-linux-x86_64-debian-gcc | 1.4.7 | 4.54 | 34.08 | 38.62 | NOTE | |
r-devel-linux-x86_64-fedora-clang | 1.4.7 | 86.15 | OK | |||
r-devel-linux-x86_64-fedora-gcc | 1.4.7 | 94.78 | OK | |||
r-devel-windows-x86_64 | 1.4.7 | 10.00 | 81.00 | 91.00 | OK | |
r-patched-linux-x86_64 | 1.4.7 | 7.15 | 43.17 | 50.32 | OK | |
r-release-linux-x86_64 | 1.4.7 | 6.77 | 42.75 | 49.52 | OK | |
r-release-macos-arm64 | 1.4.7 | 53.00 | OK | |||
r-release-macos-x86_64 | 1.4.7 | 93.00 | OK | |||
r-release-windows-x86_64 | 1.4.7 | 10.00 | 80.00 | 90.00 | OK | |
r-oldrel-macos-arm64 | 1.4.7 | 50.00 | OK | |||
r-oldrel-macos-x86_64 | 1.4.7 | 83.00 | OK | |||
r-oldrel-windows-x86_64 | 1.4.7 | 11.00 | 82.00 | 93.00 | OK |
Version: 1.4.7
Check: for unstated dependencies in ‘demo’
Result: NOTE
'::' or ':::' import not declared from: ‘rstudioapi’
Flavors: r-devel-linux-x86_64-debian-clang, r-devel-linux-x86_64-debian-gcc