Last updated on 2023-03-20 07:50:57 CET.
Flavor | Version | Tinstall | Tcheck | Ttotal | Status | Flags |
---|---|---|---|---|---|---|
r-devel-linux-x86_64-debian-clang | 1.3.5 | NOTE | ||||
r-devel-linux-x86_64-debian-gcc | 1.3.5 | 58.42 | 118.45 | 176.87 | NOTE | |
r-devel-linux-x86_64-fedora-clang | 1.3.5 | 325.70 | NOTE | |||
r-devel-linux-x86_64-fedora-gcc | 1.3.5 | 289.68 | NOTE | |||
r-patched-linux-x86_64 | 1.3.5 | 61.20 | 143.29 | 204.49 | OK | |
r-release-linux-x86_64 | 1.3.5 | 68.19 | 142.25 | 210.44 | OK | |
r-release-macos-arm64 | 1.3.5 | 78.00 | NOTE | |||
r-release-macos-x86_64 | 1.3.5 | 99.00 | NOTE | |||
r-release-windows-x86_64 | 1.3.5 | 65.00 | 212.00 | 277.00 | OK | |
r-oldrel-macos-arm64 | 1.3.5 | 94.00 | NOTE | |||
r-oldrel-macos-x86_64 | 1.3.5 | 93.00 | NOTE | |||
r-oldrel-windows-ix86+x86_64 | 1.3.5 | 180.00 | 261.00 | 441.00 | OK |
Version: 1.3.5
Check: C++ specification
Result: NOTE
Specified C++11: please drop specification unless essential
Flavors: r-devel-linux-x86_64-debian-clang, r-devel-linux-x86_64-debian-gcc, r-devel-linux-x86_64-fedora-clang, r-devel-linux-x86_64-fedora-gcc
Version: 1.3.5
Check: installed package size
Result: NOTE
installed size is 9.9Mb
sub-directories of 1Mb or more:
libs 8.5Mb
Flavors: r-release-macos-arm64, r-release-macos-x86_64, r-oldrel-macos-arm64, r-oldrel-macos-x86_64