CRAN Package Check Results for Package hutilscpp

Last updated on 2021-05-10 08:49:13 CEST.

Flavor Version Tinstall Tcheck Ttotal Status Flags
r-devel-linux-x86_64-debian-clang 0.5.2 254.97 324.20 579.17 NOTE
r-devel-linux-x86_64-debian-gcc 0.5.2 152.31 242.62 394.93 NOTE
r-devel-linux-x86_64-fedora-clang 0.5.2 781.63 NOTE
r-devel-linux-x86_64-fedora-gcc 0.5.2 682.79 NOTE
r-devel-windows-ix86+x86_64 0.5.2 438.00 556.00 994.00 NOTE
r-devel-windows-x86_64-gcc10-UCRT 0.5.2 NOTE
r-patched-linux-x86_64 0.5.2 187.62 308.00 495.62 NOTE
r-patched-solaris-x86 0.5.2 799.90 NOTE
r-release-linux-x86_64 0.5.2 186.39 303.31 489.70 OK
r-release-macos-x86_64 0.5.2 OK
r-release-windows-ix86+x86_64 0.5.2 437.00 408.00 845.00 OK
r-oldrel-macos-x86_64 0.5.2 NOTE
r-oldrel-windows-ix86+x86_64 0.5.2 532.00 513.00 1045.00 OK

Check Details

Version: 0.5.2
Check: LazyData
Result: NOTE
     'LazyData' is specified without a 'data' directory
Flavors: r-devel-linux-x86_64-debian-clang, r-devel-linux-x86_64-debian-gcc, r-devel-linux-x86_64-fedora-clang, r-devel-linux-x86_64-fedora-gcc, r-devel-windows-ix86+x86_64, r-devel-windows-x86_64-gcc10-UCRT, r-patched-linux-x86_64, r-patched-solaris-x86

Version: 0.5.2
Check: installed package size
Result: NOTE
     installed size is 7.0Mb
     sub-directories of 1Mb or more:
     libs 6.7Mb
Flavors: r-devel-linux-x86_64-fedora-clang, r-oldrel-macos-x86_64