Last updated on 2024-03-12 07:49:56 CET.
Flavor | Version | Tinstall | Tcheck | Ttotal | Status | Flags |
---|---|---|---|---|---|---|
r-devel-linux-x86_64-debian-clang | 5.5.6 | 15.01 | 173.89 | 188.90 | OK | |
r-devel-linux-x86_64-debian-gcc | 5.5.6 | 12.20 | 196.95 | 209.15 | OK | |
r-devel-linux-x86_64-fedora-clang | 5.5.6 | 332.72 | NOTE | |||
r-devel-linux-x86_64-fedora-gcc | 5.5.6 | 371.51 | NOTE | |||
r-devel-windows-x86_64 | 5.5.6 | 16.00 | 242.00 | 258.00 | OK | |
r-patched-linux-x86_64 | 5.5.6 | 18.02 | 175.86 | 193.88 | OK | |
r-release-linux-x86_64 | 5.5.6 | 17.36 | 176.65 | 194.01 | OK | |
r-release-macos-arm64 | 5.5.6 | 89.00 | OK | |||
r-release-macos-x86_64 | 5.5.6 | 175.00 | OK | |||
r-release-windows-x86_64 | 5.5.6 | 22.00 | 291.00 | 313.00 | OK | |
r-oldrel-macos-arm64 | 5.5.6 | 86.00 | OK | |||
r-oldrel-windows-x86_64 | 5.5.6 | 21.00 | 273.00 | 294.00 | OK |
Version: 5.5.6
Check: dependencies in R code
Result: NOTE
Namespaces in Imports field not imported from:
‘R6’ ‘xml2’
All declared Imports should be used.
Flavors: r-devel-linux-x86_64-fedora-clang, r-devel-linux-x86_64-fedora-gcc