CRAN Package Check Results for Package hyper2

Last updated on 2023-02-08 07:54:32 CET.

Flavor Version Tinstall Tcheck Ttotal Status Flags
r-devel-linux-x86_64-debian-clang 3.0-0 51.28 702.71 753.99 OK
r-devel-linux-x86_64-debian-gcc 3.0-0 38.62 538.74 577.36 OK
r-devel-linux-x86_64-fedora-clang 3.0-0 1019.01 OK
r-devel-linux-x86_64-fedora-gcc 3.0-0 940.17 OK
r-devel-windows-x86_64 3.0-0 101.00 845.00 946.00 ERROR
r-patched-linux-x86_64 3.0-0 45.47 697.12 742.59 OK
r-release-linux-x86_64 3.0-0 39.70 719.28 758.98 OK
r-release-macos-arm64 3.0-0 287.00 OK
r-release-macos-x86_64 3.0-0 392.00 OK
r-release-windows-x86_64 3.0-0 108.00 1128.00 1236.00 OK
r-oldrel-macos-arm64 3.0-0 241.00 OK
r-oldrel-macos-x86_64 3.0-0 390.00 OK
r-oldrel-windows-ix86+x86_64 3.0-0 104.00 1279.00 1383.00 OK

Check Details

Version: 3.0-0
Check: re-building of vignette outputs
Result: ERROR
    Error(s) in re-building vignettes:
    --- re-building 'hyper3.Rmd' using rmarkdown
    --- finished re-building 'hyper3.Rmd'
    
    --- re-building 'icons.Rmd' using rmarkdown
    --- finished re-building 'icons.Rmd'
    
    --- re-building 'hyper2.Rnw' using Sweave
    Loading required package: magrittr
    Loading required package: cubature
    
    Attaching package: 'hyper2'
    
    The following object is masked from 'package:stats':
    
     weights
    
    Warning in print.hyper2(res$value) : powers have nonzero sum
    Warning in print.hyper2(res$value) : powers have nonzero sum
    Warning in print.hyper2(res$value) : powers have nonzero sum
    Warning in print.hyper2(res$value) : powers have nonzero sum
    --- finished re-building 'hyper2.Rnw'
    
    --- re-building 'integration.Rnw' using Sweave
    
    Attaching package: 'hyper2'
    
    The following object is masked from 'package:stats':
    
     weights
    
    Warning in print.hyper2(res$value) : powers have nonzero sum
    Warning in system(paste(shQuote(texi2dvi), if (quiet) "--quiet" else "", :
     running command '"C:\PROGRA~1\MiKTeX\miktex\bin\x64\texify.exe" --quiet --pdf "integration.tex" --max-iterations=20 -I "D:/RCompile/recent/R/share/texmf/tex/latex" -I "D:/RCompile/recent/R/share/texmf/bibtex/bst"' had status 301
    Error: processing vignette 'integration.Rnw' failed with diagnostics:
    Failed to locate 'texi2pdf' output file 'integration.pdf' for vignette with name 'integration' and engine 'utils::Sweave'. The following files exist in working directory 'D:\RCompile\CRANpkg\local\4.3\hyper2.Rcheck\vign_test\hyper2\vignettes': 'hyper2-masterchef_maxp.pdf' (5164 bytes), 'hyper2-rowing_maxp.pdf' (6663 bytes), 'hyper2.Rnw' (27870 bytes), 'hyper2.aux' (4095 bytes), 'hyper2.bbl' (3832 bytes), 'hyper2.bib' (10834 bytes), 'hyper2.blg' (1098 bytes), 'hyper2.log' (27396 bytes), 'hyper2.out' (1899 bytes), 'hyper2.pdf' (483617 bytes), 'hyper2.tex' (31956 bytes), 'hyper3.R' (1717 bytes), 'hyper3.Rmd' (4252 bytes), 'hyper3.html' (737445 bytes), 'icons.R' (3143 bytes), 'icons.Rmd' (14241 bytes), 'icons.html' (764763 bytes), 'integration.Rnw' (12606 bytes), 'integration.tex' (14649 bytes)
    --- failed re-building 'integration.Rnw'
    
    SUMMARY: processing the following file failed:
     'integration.Rnw'
    
    Error: Vignette re-building failed.
    Execution halted
Flavor: r-devel-windows-x86_64