Last updated on 2024-04-24 07:57:42 CEST.
Flavor | Version | Tinstall | Tcheck | Ttotal | Status | Flags |
---|---|---|---|---|---|---|
r-devel-linux-x86_64-debian-clang | 0.8.5 | 2.75 | 39.66 | 42.41 | OK | |
r-devel-linux-x86_64-debian-gcc | 0.8.5 | 2.59 | 42.99 | 45.58 | OK | |
r-devel-linux-x86_64-fedora-clang | 0.8.5 | 77.42 | NOTE | |||
r-devel-linux-x86_64-fedora-gcc | 0.8.5 | 87.03 | NOTE | |||
r-prerel-macos-arm64 | 0.8.5 | 28.00 | OK | |||
r-prerel-windows-x86_64 | 0.8.5 | 5.00 | 63.00 | 68.00 | OK | |
r-patched-linux-x86_64 | 0.8.5 | 3.66 | 41.23 | 44.89 | OK | |
r-release-linux-x86_64 | 0.8.5 | 3.89 | 37.93 | 41.82 | OK | |
r-release-macos-arm64 | 0.8.5 | 34.00 | NOTE | |||
r-release-macos-x86_64 | 0.8.5 | 84.00 | NOTE | |||
r-release-windows-x86_64 | 0.8.5 | 6.00 | 70.00 | 76.00 | OK | |
r-oldrel-macos-arm64 | 0.8.5 | 32.00 | OK | |||
r-oldrel-windows-x86_64 | 0.8.5 | 6.00 | 73.00 | 79.00 | OK |
Version: 0.8.5
Check: package dependencies
Result: NOTE
Package suggested but not available for checking: ‘flowCore’
Flavors: r-devel-linux-x86_64-fedora-clang, r-devel-linux-x86_64-fedora-gcc, r-release-macos-arm64, r-release-macos-x86_64