Last updated on 2021-04-11 08:48:48 CEST.
Flavor | Version | Tinstall | Tcheck | Ttotal | Status | Flags |
---|---|---|---|---|---|---|
r-devel-linux-x86_64-debian-clang | 0.8.3 | 3.62 | 54.84 | 58.46 | OK | |
r-devel-linux-x86_64-debian-gcc | 0.8.3 | 2.81 | 40.09 | 42.90 | OK | |
r-devel-linux-x86_64-fedora-clang | 0.8.3 | 77.55 | NOTE | |||
r-devel-linux-x86_64-fedora-gcc | 0.8.3 | 64.98 | NOTE | |||
r-devel-windows-ix86+x86_64 | 0.8.3 | 8.00 | 53.00 | 61.00 | OK | |
r-devel-windows-x86_64-gcc10-UCRT | 0.8.3 | NOTE | ||||
r-patched-linux-x86_64 | 0.8.3 | 3.37 | 49.84 | 53.21 | OK | |
r-patched-solaris-x86 | 0.8.3 | 92.40 | NOTE | |||
r-release-linux-x86_64 | 0.8.3 | 3.05 | 49.73 | 52.78 | OK | |
r-release-macos-x86_64 | 0.8.3 | OK | ||||
r-release-windows-ix86+x86_64 | 0.8.3 | 6.00 | 71.00 | 77.00 | OK | |
r-oldrel-macos-x86_64 | 0.8.3 | OK | ||||
r-oldrel-windows-ix86+x86_64 | 0.8.3 | 5.00 | 70.00 | 75.00 | OK |
Version: 0.8.3
Check: package dependencies
Result: NOTE
Package suggested but not available for checking: ‘flowCore’
Flavors: r-devel-linux-x86_64-fedora-clang, r-devel-linux-x86_64-fedora-gcc, r-devel-windows-x86_64-gcc10-UCRT, r-patched-solaris-x86