Last updated on 2024-04-18 08:54:33 CEST.
Flavor | Version | Tinstall | Tcheck | Ttotal | Status | Flags |
---|---|---|---|---|---|---|
r-devel-linux-x86_64-debian-clang | 1.1.1 | 8.35 | 46.80 | 55.15 | OK | |
r-devel-linux-x86_64-debian-gcc | 1.1.1 | 5.39 | 53.99 | 59.38 | OK | |
r-devel-linux-x86_64-fedora-clang | 1.1.1 | 99.43 | NOTE | |||
r-devel-linux-x86_64-fedora-gcc | 1.1.1 | 105.87 | OK | |||
r-prerel-macos-arm64 | 1.1.1 | 39.00 | NOTE | |||
r-prerel-windows-x86_64 | 1.1.1 | 7.00 | 70.00 | 77.00 | NOTE | |
r-patched-linux-x86_64 | 1.1.1 | 6.79 | 44.41 | 51.20 | OK | |
r-release-linux-x86_64 | 1.1.1 | 7.81 | 66.65 | 74.46 | OK | |
r-release-macos-arm64 | 1.1.1 | 40.00 | NOTE | |||
r-release-macos-x86_64 | 1.1.1 | 51.00 | NOTE | |||
r-release-windows-x86_64 | 1.1.1 | 9.00 | 79.00 | 88.00 | NOTE | |
r-oldrel-macos-arm64 | 1.1.1 | 32.00 | NOTE | |||
r-oldrel-windows-x86_64 | 1.1.1 | 10.00 | 86.00 | 96.00 | NOTE |
Version: 1.1.1
Check: installed package size
Result: NOTE
installed size is 6.5Mb
sub-directories of 1Mb or more:
doc 6.3Mb
Flavors: r-devel-linux-x86_64-fedora-clang, r-prerel-macos-arm64, r-prerel-windows-x86_64, r-release-macos-arm64, r-release-macos-x86_64, r-release-windows-x86_64, r-oldrel-macos-arm64, r-oldrel-windows-x86_64
Version: 1.1.1
Check: package dependencies
Result: NOTE
Package suggested but not available for checking: ‘webshot2’
Flavor: r-oldrel-macos-arm64