CRAN Package Check Results for Package hypothesisr

Last updated on 2024-06-16 08:55:52 CEST.

Flavor Version Tinstall Tcheck Ttotal Status Flags
r-devel-linux-x86_64-debian-clang 0.1.1 2.22 28.48 30.70 NOTE
r-devel-linux-x86_64-debian-gcc 0.1.1 1.75 21.76 23.51 NOTE
r-devel-linux-x86_64-fedora-clang 0.1.1 39.04 NOTE
r-devel-linux-x86_64-fedora-gcc 0.1.1 37.22 NOTE
r-devel-windows-x86_64 0.1.1 3.00 53.00 56.00 NOTE
r-patched-linux-x86_64 0.1.1 2.29 27.58 29.87 NOTE
r-release-linux-x86_64 0.1.1 2.42 27.68 30.10 NOTE
r-release-macos-arm64 0.1.1 25.00 NOTE
r-release-macos-x86_64 0.1.1 29.00 NOTE
r-release-windows-x86_64 0.1.1 4.00 83.00 87.00 NOTE
r-oldrel-macos-arm64 0.1.1 24.00 NOTE
r-oldrel-macos-x86_64 0.1.1 26.00 NOTE
r-oldrel-windows-x86_64 0.1.1 4.00 51.00 55.00 NOTE

Check Details

Version: 0.1.1
Check: LazyData
Result: NOTE 'LazyData' is specified without a 'data' directory Flavors: r-devel-linux-x86_64-debian-clang, r-devel-linux-x86_64-debian-gcc, r-devel-linux-x86_64-fedora-clang, r-devel-linux-x86_64-fedora-gcc, r-devel-windows-x86_64, r-patched-linux-x86_64, r-release-linux-x86_64, r-release-macos-arm64, r-release-macos-x86_64, r-release-windows-x86_64, r-oldrel-macos-arm64, r-oldrel-macos-x86_64, r-oldrel-windows-x86_64