CRAN Package Check Results for Package hypothesisr

Last updated on 2025-01-26 08:48:26 CET.

Flavor Version Tinstall Tcheck Ttotal Status Flags
r-devel-linux-x86_64-debian-clang 0.1.1 1.83 22.65 24.48 OK
r-devel-linux-x86_64-debian-gcc 0.1.1 1.65 17.90 19.55 OK
r-devel-linux-x86_64-fedora-clang 0.1.1 39.88 OK
r-devel-linux-x86_64-fedora-gcc 0.1.1 37.36 OK
r-devel-windows-x86_64 0.1.1 3.00 47.00 50.00 OK
r-patched-linux-x86_64 0.1.1 1.85 21.66 23.51 NOTE
r-release-linux-x86_64 0.1.1 1.71 21.49 23.20 NOTE
r-release-macos-arm64 0.1.1 25.00 NOTE
r-release-macos-x86_64 0.1.1 29.00 NOTE
r-release-windows-x86_64 0.1.1 4.00 49.00 53.00 NOTE
r-oldrel-macos-arm64 0.1.1 24.00 NOTE
r-oldrel-macos-x86_64 0.1.1 26.00 NOTE
r-oldrel-windows-x86_64 0.1.1 4.00 49.00 53.00 NOTE

Check Details

Version: 0.1.1
Check: LazyData
Result: NOTE 'LazyData' is specified without a 'data' directory Flavors: r-patched-linux-x86_64, r-release-linux-x86_64, r-release-macos-arm64, r-release-macos-x86_64, r-release-windows-x86_64, r-oldrel-macos-arm64, r-oldrel-macos-x86_64, r-oldrel-windows-x86_64