CRAN Package Check Results for Package iSDM

Last updated on 2021-07-25 08:50:59 CEST.

Flavor Version Tinstall Tcheck Ttotal Status Flags
r-devel-linux-x86_64-debian-clang 1.0 2.77 27.43 30.20 OK
r-devel-linux-x86_64-debian-gcc 1.0 2.20 21.41 23.61 OK
r-devel-linux-x86_64-fedora-clang 1.0 45.59 NOTE
r-devel-linux-x86_64-fedora-gcc 1.0 35.07 NOTE
r-devel-windows-x86_64 1.0 3.00 34.00 37.00 OK
r-devel-windows-x86_64-gcc10-UCRT 1.0 NOTE
r-patched-linux-x86_64 1.0 2.91 26.29 29.20 OK
r-patched-solaris-x86 1.0 53.70 NOTE
r-release-linux-x86_64 1.0 2.63 27.29 29.92 OK
r-release-macos-arm64 1.0 NOTE
r-release-macos-x86_64 1.0 NOTE
r-release-windows-ix86+x86_64 1.0 7.00 34.00 41.00 OK
r-oldrel-macos-x86_64 1.0 NOTE
r-oldrel-windows-ix86+x86_64 1.0 7.00 51.00 58.00 OK

Check Details

Version: 1.0
Check: dependencies in R code
Result: NOTE
    Namespaces in Imports field not imported from:
     ‘colorRamps’ ‘virtualspecies’
     All declared Imports should be used.
Flavors: r-devel-linux-x86_64-fedora-clang, r-devel-linux-x86_64-fedora-gcc, r-devel-windows-x86_64-gcc10-UCRT, r-patched-solaris-x86, r-release-macos-arm64, r-release-macos-x86_64, r-oldrel-macos-x86_64