Last updated on 2023-03-31 08:54:03 CEST.
Flavor | Version | Tinstall | Tcheck | Ttotal | Status | Flags |
---|---|---|---|---|---|---|
r-devel-linux-x86_64-debian-clang | 1.5 | 9.07 | 65.19 | 74.26 | OK | |
r-devel-linux-x86_64-debian-gcc | 1.5 | 7.02 | 49.83 | 56.85 | OK | |
r-devel-linux-x86_64-fedora-clang | 1.5 | 91.75 | NOTE | |||
r-devel-linux-x86_64-fedora-gcc | 1.5 | 86.08 | OK | |||
r-devel-windows-x86_64 | 1.5 | 33.00 | 0.00 | 33.00 | NOTE | |
r-patched-linux-x86_64 | 1.5 | 7.95 | 60.82 | 68.77 | OK | |
r-release-linux-x86_64 | 1.5 | 7.74 | 68.78 | 76.52 | OK | |
r-release-macos-arm64 | 1.5 | 31.00 | NOTE | |||
r-release-macos-x86_64 | 1.5 | 54.00 | NOTE | |||
r-release-windows-x86_64 | 1.5 | 18.00 | 106.00 | 124.00 | NOTE | |
r-oldrel-macos-arm64 | 1.5 | 33.00 | NOTE | |||
r-oldrel-macos-x86_64 | 1.5 | 58.00 | NOTE | |||
r-oldrel-windows-ix86+x86_64 | 1.5 | 23.00 | 99.00 | 122.00 | NOTE |
Version: 1.5
Check: installed package size
Result: NOTE
installed size is 5.9Mb
sub-directories of 1Mb or more:
app 4.3Mb
data 1.6Mb
Flavors: r-devel-linux-x86_64-fedora-clang, r-devel-windows-x86_64, r-release-macos-arm64, r-release-macos-x86_64, r-release-windows-x86_64, r-oldrel-macos-arm64, r-oldrel-macos-x86_64, r-oldrel-windows-ix86+x86_64