Last updated on 2024-03-12 07:49:56 CET.
Flavor | Version | Tinstall | Tcheck | Ttotal | Status | Flags |
---|---|---|---|---|---|---|
r-devel-linux-x86_64-debian-clang | 1.5 | 11.79 | 128.36 | 140.15 | WARN | |
r-devel-linux-x86_64-debian-gcc | 1.5 | 11.71 | 96.09 | 107.80 | OK | |
r-devel-linux-x86_64-fedora-clang | 1.5 | 175.93 | OK | |||
r-devel-linux-x86_64-fedora-gcc | 1.5 | 168.08 | OK | |||
r-devel-windows-x86_64 | 1.5 | 15.00 | 113.00 | 128.00 | OK | |
r-patched-linux-x86_64 | 1.5 | 8.96 | 127.36 | 136.32 | OK | |
r-release-linux-x86_64 | 1.5 | 9.09 | 125.22 | 134.31 | OK | |
r-release-macos-arm64 | 1.5 | 61.00 | OK | |||
r-release-macos-x86_64 | 1.5 | 91.00 | OK | |||
r-release-windows-x86_64 | 1.5 | 18.00 | 125.00 | 143.00 | OK | |
r-oldrel-macos-arm64 | 1.5 | 54.00 | OK | |||
r-oldrel-windows-x86_64 | 1.5 | 18.00 | 138.00 | 156.00 | OK |
Version: 1.5
Check: whether package can be installed
Result: WARN
Found the following significant warnings:
flang-new: warning: argument unused during compilation: '-Wall' [-Wunused-command-line-argument]
See ‘/home/hornik/tmp/R.check/r-devel-clang/Work/PKGS/idar.Rcheck/00install.out’ for details.
* used C compiler: ‘Debian clang version 18.1.0 (rc4-1)’
* used Fortran compiler: ‘Debian flang-new version 18.1.0 (rc4-1)’
Flavor: r-devel-linux-x86_64-debian-clang