Last updated on 2023-02-05 07:57:25 CET.
Flavor | Version | Tinstall | Tcheck | Ttotal | Status | Flags |
---|---|---|---|---|---|---|
r-devel-linux-x86_64-debian-clang | 1.0.3 | 48.22 | 71.72 | 119.94 | NOTE | |
r-devel-linux-x86_64-debian-gcc | 1.0.3 | 34.01 | 54.05 | 88.06 | NOTE | |
r-devel-linux-x86_64-fedora-clang | 1.0.3 | 165.57 | NOTE | |||
r-devel-linux-x86_64-fedora-gcc | 1.0.3 | 149.54 | NOTE | |||
r-devel-windows-x86_64 | 1.0.3 | 100.00 | 126.00 | 226.00 | NOTE | |
r-patched-linux-x86_64 | 1.0.3 | 42.05 | 68.57 | 110.62 | OK | |
r-release-linux-x86_64 | 1.0.3 | 37.60 | 68.71 | 106.31 | OK | |
r-release-macos-arm64 | 1.0.3 | 41.00 | OK | |||
r-release-macos-x86_64 | 1.0.3 | 73.00 | OK | |||
r-release-windows-x86_64 | 1.0.3 | 54.00 | 131.00 | 185.00 | OK | |
r-oldrel-macos-arm64 | 1.0.3 | 41.00 | OK | |||
r-oldrel-macos-x86_64 | 1.0.3 | 54.00 | OK | |||
r-oldrel-windows-ix86+x86_64 | 1.0.3 | 116.00 | 144.00 | 260.00 | OK |
Version: 1.0.3
Check: C++ specification
Result: NOTE
Specified C++11: please update to current default of C++17
Flavors: r-devel-linux-x86_64-debian-clang, r-devel-linux-x86_64-debian-gcc, r-devel-linux-x86_64-fedora-clang, r-devel-linux-x86_64-fedora-gcc, r-devel-windows-x86_64
Version: 1.0.3
Check: Rd cross-references
Result: NOTE
Undeclared packages ‘mlogit’, ‘logitr’ in Rd xrefs
Flavor: r-devel-linux-x86_64-fedora-clang