Last updated on 2024-03-12 07:49:56 CET.
Flavor | Version | Tinstall | Tcheck | Ttotal | Status | Flags |
---|---|---|---|---|---|---|
r-devel-linux-x86_64-debian-clang | 0.45.8 | 618.44 | 198.26 | 816.70 | OK | |
r-devel-linux-x86_64-debian-gcc | 0.45.8 | 664.05 | 165.63 | 829.68 | OK | |
r-devel-linux-x86_64-fedora-clang | 0.45.8 | 1082.69 | NOTE | |||
r-devel-linux-x86_64-fedora-gcc | 0.45.8 | 1488.42 | OK | |||
r-devel-windows-x86_64 | 0.45.8 | 520.00 | 263.00 | 783.00 | NOTE | |
r-patched-linux-x86_64 | 0.45.8 | 731.47 | 214.88 | 946.35 | OK | |
r-release-linux-x86_64 | 0.45.8 | 772.18 | 214.93 | 987.11 | OK | |
r-release-macos-arm64 | 0.45.8 | 192.00 | NOTE | |||
r-release-macos-x86_64 | 0.45.8 | 363.00 | NOTE | |||
r-release-windows-x86_64 | 0.45.8 | 685.00 | 317.00 | 1002.00 | NOTE | |
r-oldrel-macos-arm64 | 0.45.8 | 175.00 | NOTE | |||
r-oldrel-windows-x86_64 | 0.45.8 | 614.00 | 255.00 | 869.00 | NOTE |
Version: 0.45.8
Check: installed package size
Result: NOTE
installed size is 14.8Mb
sub-directories of 1Mb or more:
data 1.4Mb
doc 3.7Mb
extdata 1.1Mb
include 3.0Mb
libs 4.9Mb
Flavors: r-devel-linux-x86_64-fedora-clang, r-devel-windows-x86_64, r-release-macos-arm64, r-release-macos-x86_64, r-release-windows-x86_64, r-oldrel-macos-arm64, r-oldrel-windows-x86_64