Last updated on 2024-03-12 07:49:56 CET.
Flavor | Version | Tinstall | Tcheck | Ttotal | Status | Flags |
---|---|---|---|---|---|---|
r-devel-linux-x86_64-debian-clang | 0.1.3 | 4.67 | 46.16 | 50.83 | OK | |
r-devel-linux-x86_64-debian-gcc | 0.1.3 | 4.49 | 37.77 | 42.26 | OK | |
r-devel-linux-x86_64-fedora-clang | 0.1.3 | 70.01 | NOTE | |||
r-devel-linux-x86_64-fedora-gcc | 0.1.3 | 74.77 | NOTE | |||
r-devel-windows-x86_64 | 0.1.3 | 6.00 | 56.00 | 62.00 | OK | |
r-patched-linux-x86_64 | 0.1.3 | 5.32 | 46.17 | 51.49 | OK | |
r-release-linux-x86_64 | 0.1.3 | 5.54 | 46.19 | 51.73 | OK | |
r-release-macos-arm64 | 0.1.3 | 33.00 | OK | |||
r-release-macos-x86_64 | 0.1.3 | 48.00 | OK | |||
r-release-windows-x86_64 | 0.1.3 | 8.00 | 59.00 | 67.00 | OK | |
r-oldrel-macos-arm64 | 0.1.3 | 26.00 | NOTE | |||
r-oldrel-windows-x86_64 | 0.1.3 | 7.00 | 66.00 | 73.00 | OK |
Version: 0.1.3
Check: dependencies in R code
Result: NOTE
Namespace in Imports field not imported from: ‘knitr’
All declared Imports should be used.
Flavors: r-devel-linux-x86_64-fedora-clang, r-devel-linux-x86_64-fedora-gcc, r-oldrel-macos-arm64