Last updated on 2024-04-22 08:51:28 CEST.
Flavor | Version | Tinstall | Tcheck | Ttotal | Status | Flags |
---|---|---|---|---|---|---|
r-devel-linux-x86_64-debian-clang | 0.9.1 | 75.14 | 392.38 | 467.52 | OK | |
r-devel-linux-x86_64-debian-gcc | 0.9.1 | 59.46 | 310.69 | 370.15 | OK | |
r-devel-linux-x86_64-fedora-clang | 0.9.1 | 606.85 | NOTE | |||
r-devel-linux-x86_64-fedora-gcc | 0.9.1 | 583.37 | OK | |||
r-prerel-macos-arm64 | 0.9.1 | 166.00 | NOTE | |||
r-prerel-macos-x86_64 | 0.9.1 | 176.00 | NOTE | |||
r-prerel-windows-x86_64 | 0.9.1 | 67.00 | 315.00 | 382.00 | NOTE | |
r-patched-linux-x86_64 | 0.9.1 | 78.86 | 398.31 | 477.17 | OK | |
r-release-linux-x86_64 | 0.9.1 | 78.16 | 387.14 | 465.30 | OK | |
r-release-macos-arm64 | 0.9.1 | 124.00 | NOTE | |||
r-release-macos-x86_64 | 0.9.1 | 213.00 | NOTE | |||
r-release-windows-x86_64 | 0.9.1 | 86.00 | 426.00 | 512.00 | NOTE | |
r-oldrel-macos-arm64 | 0.9.1 | 113.00 | NOTE | |||
r-oldrel-windows-x86_64 | 0.9.1 | 89.00 | 408.00 | 497.00 | NOTE |
Version: 0.9.1
Check: package dependencies
Result: NOTE
Imports includes 38 non-default packages.
Importing from so many packages makes the package vulnerable to any of
them becoming unavailable. Move as many as possible to Suggests and
use conditionally.
Flavor: r-devel-linux-x86_64-fedora-clang
Version: 0.9.1
Check: installed package size
Result: NOTE
installed size is 6.6Mb
sub-directories of 1Mb or more:
data 3.3Mb
doc 1.6Mb
Flavors: r-devel-linux-x86_64-fedora-clang, r-prerel-macos-arm64, r-prerel-macos-x86_64, r-prerel-windows-x86_64, r-release-macos-arm64, r-release-macos-x86_64, r-release-windows-x86_64, r-oldrel-macos-arm64, r-oldrel-windows-x86_64