CRAN Package Check Results for Package importinegi

Last updated on 2025-01-20 08:48:27 CET.

Flavor Version Tinstall Tcheck Ttotal Status Flags
r-devel-linux-x86_64-debian-clang 1.2.1 3.32 26.46 29.78 OK
r-devel-linux-x86_64-debian-gcc 1.2.1 1.45 20.30 21.75 OK
r-devel-linux-x86_64-fedora-clang 1.2.1 49.48 NOTE
r-devel-linux-x86_64-fedora-gcc 1.2.1 60.06 NOTE
r-devel-windows-x86_64 1.2.1 5.00 48.00 53.00 OK
r-patched-linux-x86_64 1.2.1 3.29 25.35 28.64 OK
r-release-linux-x86_64 1.2.1 2.90 25.40 28.30 OK
r-release-macos-arm64 1.2.1 24.00 OK
r-release-macos-x86_64 1.2.1 36.00 OK
r-release-windows-x86_64 1.2.1 4.00 48.00 52.00 OK
r-oldrel-macos-arm64 1.2.1 25.00 OK
r-oldrel-macos-x86_64 1.2.1 44.00 OK
r-oldrel-windows-x86_64 1.2.1 6.00 51.00 57.00 OK

Check Details

Version: 1.2.1
Check: dependencies in R code
Result: NOTE Namespaces in Imports field not imported from: ‘data.table’ ‘dplyr’ ‘haven’ All declared Imports should be used. Flavors: r-devel-linux-x86_64-fedora-clang, r-devel-linux-x86_64-fedora-gcc