CRAN Package Check Results for Package imputeR

Last updated on 2021-05-12 08:48:52 CEST.

Flavor Version Tinstall Tcheck Ttotal Status Flags
r-devel-linux-x86_64-debian-clang 2.2 4.08 43.89 47.97 OK
r-devel-linux-x86_64-debian-gcc 2.2 2.99 33.86 36.85 OK
r-devel-linux-x86_64-fedora-clang 2.2 68.41 OK
r-devel-linux-x86_64-fedora-gcc 2.2 55.09 OK
r-devel-windows-ix86+x86_64 2.2 7.00 65.00 72.00 OK
r-devel-windows-x86_64-gcc10-UCRT 2.2 OK
r-patched-linux-x86_64 2.2 4.59 42.72 47.31 OK
r-patched-solaris-x86 2.2 87.30 OK
r-release-linux-x86_64 2.2 4.01 41.94 45.95 OK
r-release-macos-x86_64 2.2 NOTE
r-release-windows-ix86+x86_64 2.2 7.00 51.00 58.00 OK
r-oldrel-macos-x86_64 2.2 OK
r-oldrel-windows-ix86+x86_64 2.2 5.00 62.00 67.00 OK

Check Details

Version: 2.2
Check: package dependencies
Result: NOTE
    Package suggested but not available for checking: ‘ridge’
Flavor: r-release-macos-x86_64

Version: 2.2
Check: Rd cross-references
Result: NOTE
    Package unavailable to check Rd xrefs: ‘ridge’
Flavor: r-release-macos-x86_64