CRAN Package Check Results for Package incR

Last updated on 2021-04-10 08:48:19 CEST.

Flavor Version Tinstall Tcheck Ttotal Status Flags
r-devel-linux-x86_64-debian-clang 1.1.0 3.12 41.43 44.55 OK
r-devel-linux-x86_64-debian-gcc 1.1.0 2.64 30.73 33.37 OK
r-devel-linux-x86_64-fedora-clang 1.1.0 58.44 NOTE
r-devel-linux-x86_64-fedora-gcc 1.1.0 51.01 NOTE
r-devel-windows-ix86+x86_64 1.1.0 7.00 44.00 51.00 OK
r-devel-windows-x86_64-gcc10-UCRT 1.1.0 NOTE
r-patched-linux-x86_64 1.1.0 2.70 39.20 41.90 OK
r-patched-solaris-x86 1.1.0 75.70 NOTE
r-release-linux-x86_64 1.1.0 3.14 40.09 43.23 OK
r-release-macos-x86_64 1.1.0 NOTE
r-release-windows-ix86+x86_64 1.1.0 7.00 64.00 71.00 OK
r-oldrel-macos-x86_64 1.1.0 NOTE
r-oldrel-windows-ix86+x86_64 1.1.0 6.00 59.00 65.00 OK

Check Details

Version: 1.1.0
Check: dependencies in R code
Result: NOTE
    Namespaces in Imports field not imported from:
     ‘dplyr’ ‘rgeos’
     All declared Imports should be used.
Flavors: r-devel-linux-x86_64-fedora-clang, r-devel-linux-x86_64-fedora-gcc, r-devel-windows-x86_64-gcc10-UCRT, r-patched-solaris-x86, r-release-macos-x86_64, r-oldrel-macos-x86_64