CRAN Package Check Results for Package ingredients

Last updated on 2021-09-23 08:51:03 CEST.

Flavor Version Tinstall Tcheck Ttotal Status Flags
r-devel-linux-x86_64-debian-clang 2.2.0 7.70 846.75 854.45 OK
r-devel-linux-x86_64-debian-gcc 2.2.0 5.51 706.55 712.06 OK
r-devel-linux-x86_64-fedora-clang 2.2.0 940.49 OK
r-devel-linux-x86_64-fedora-gcc 2.2.0 917.70 OK
r-devel-windows-x86_64 2.2.0 9.00 278.00 287.00 OK
r-devel-windows-x86_64-gcc10-UCRT 2.2.0 ERROR
r-patched-linux-x86_64 2.2.0 7.75 803.99 811.74 OK
r-patched-solaris-x86 2.2.0 4928.80 ERROR
r-release-linux-x86_64 2.2.0 6.38 781.09 787.47 OK
r-release-macos-arm64 2.2.0 OK
r-release-macos-x86_64 2.2.0 OK
r-release-windows-ix86+x86_64 2.2.0 18.00 261.00 279.00 OK
r-oldrel-macos-x86_64 2.2.0 OK
r-oldrel-windows-ix86+x86_64 2.2.0 14.00 277.00 291.00 OK

Check Details

Version: 2.2.0
Check: PDF version of manual
Result: WARN
    LaTeX errors when creating PDF version.
    This typically indicates Rd problems.
Flavor: r-devel-windows-x86_64-gcc10-UCRT

Version: 2.2.0
Check: PDF version of manual without hyperrefs or index
Result: ERROR
    Re-running with no redirection of stdout/stderr.
Flavor: r-devel-windows-x86_64-gcc10-UCRT

Version: 2.2.0
Check: tests
Result: ERROR
     Running ‘testthat.R’ [33m/11m]
    Running the tests in ‘tests/testthat.R’ failed.
    Complete output:
     > library(testthat)
     > library(DALEX)
     Welcome to DALEX (version: 2.3.0).
     Find examples and detailed introduction at: http://ema.drwhy.ai/
     Additional features will be available after installation of: ggpubr.
     Use 'install_dependencies()' to get all suggested dependencies
     > library(ingredients)
    
     Attaching package: 'ingredients'
    
     The following object is masked from 'package:DALEX':
    
     feature_importance
    
     The following object is masked from 'package:testthat':
    
     describe
    
     >
     > test_check("ingredients")
     Aggregating predictions.. Progress: 93%. Estimated remaining time: 2 seconds.
     Aggregating predictions.. Progress: 86%. Estimated remaining time: 4 seconds.
Flavor: r-patched-solaris-x86