Last updated on 2024-03-12 07:49:56 CET.
Flavor | Version | Tinstall | Tcheck | Ttotal | Status | Flags |
---|---|---|---|---|---|---|
r-devel-linux-x86_64-debian-clang | 2.10.1 | 26.89 | 303.92 | 330.81 | NOTE | |
r-devel-linux-x86_64-debian-gcc | 2.10.1 | 21.82 | 231.43 | 253.25 | NOTE | |
r-devel-linux-x86_64-fedora-clang | 2.10.1 | 447.49 | OK | |||
r-devel-linux-x86_64-fedora-gcc | 2.10.1 | 449.70 | OK | |||
r-devel-windows-x86_64 | 2.10.1 | 27.00 | 245.00 | 272.00 | OK | |
r-patched-linux-x86_64 | 2.10.1 | 37.14 | 303.56 | 340.70 | NOTE | |
r-release-linux-x86_64 | 2.10.1 | 26.61 | 302.00 | 328.61 | NOTE | |
r-release-macos-arm64 | 2.10.1 | 128.00 | NOTE | |||
r-release-macos-x86_64 | 2.10.1 | 209.00 | NOTE | |||
r-release-windows-x86_64 | 2.10.1 | 36.00 | 309.00 | 345.00 | NOTE | |
r-oldrel-macos-arm64 | 2.10.1 | 113.00 | NOTE | |||
r-oldrel-windows-x86_64 | 2.10.1 | 36.00 | 282.00 | 318.00 | NOTE |
Version: 2.10.1
Check: package dependencies
Result: NOTE
Package suggested but not available for checking: ‘INLA’
Flavors: r-devel-linux-x86_64-debian-clang, r-devel-linux-x86_64-debian-gcc, r-patched-linux-x86_64, r-release-linux-x86_64, r-release-macos-arm64, r-release-macos-x86_64, r-release-windows-x86_64, r-oldrel-macos-arm64, r-oldrel-windows-x86_64