Last updated on 2021-04-22 08:48:20 CEST.
Flavor | Version | Tinstall | Tcheck | Ttotal | Status | Flags |
---|---|---|---|---|---|---|
r-devel-linux-x86_64-debian-clang | 2.3.1 | 21.32 | 193.12 | 214.44 | NOTE | |
r-devel-linux-x86_64-debian-gcc | 2.3.1 | 18.76 | 142.74 | 161.50 | NOTE | |
r-devel-linux-x86_64-fedora-clang | 2.3.1 | 352.34 | OK | |||
r-devel-linux-x86_64-fedora-gcc | 2.3.1 | 345.41 | OK | |||
r-devel-windows-ix86+x86_64 | 2.3.1 | 43.00 | 213.00 | 256.00 | OK | |
r-devel-windows-x86_64-gcc10-UCRT | 2.3.1 | NOTE | ||||
r-patched-linux-x86_64 | 2.3.1 | 24.83 | 177.25 | 202.08 | NOTE | |
r-patched-solaris-x86 | 2.3.1 | 338.30 | NOTE | |||
r-release-linux-x86_64 | 2.3.1 | 21.56 | 176.64 | 198.20 | NOTE | |
r-release-macos-x86_64 | 2.3.1 | NOTE | ||||
r-release-windows-ix86+x86_64 | 2.3.1 | 41.00 | 236.00 | 277.00 | OK | |
r-oldrel-macos-x86_64 | 2.3.1 | NOTE | ||||
r-oldrel-windows-ix86+x86_64 | 2.3.1 | 40.00 | 368.00 | 408.00 | OK |
Version: 2.3.1
Check: package dependencies
Result: NOTE
Package suggested but not available for checking: 'INLA'
Flavors: r-devel-linux-x86_64-debian-clang, r-devel-linux-x86_64-debian-gcc, r-patched-linux-x86_64, r-patched-solaris-x86, r-release-linux-x86_64, r-release-macos-x86_64, r-oldrel-macos-x86_64
Version: 2.3.1
Check: package dependencies
Result: NOTE
Packages suggested but not available for checking:
'INLA', 'rgl', 'sphereplot'
Flavor: r-devel-windows-x86_64-gcc10-UCRT