CRAN Package Check Results for Package inldata

Last updated on 2021-04-10 08:48:19 CEST.

Flavor Version Tinstall Tcheck Ttotal Status Flags
r-devel-linux-x86_64-debian-clang 1.0.3 16.85 53.42 70.27 OK
r-devel-linux-x86_64-debian-gcc 1.0.3 14.16 41.84 56.00 OK
r-devel-linux-x86_64-fedora-clang 1.0.3 89.66 NOTE
r-devel-linux-x86_64-fedora-gcc 1.0.3 79.26 NOTE
r-devel-windows-ix86+x86_64 1.0.3 20.00 70.00 90.00 OK
r-devel-windows-x86_64-gcc10-UCRT 1.0.3 NOTE
r-patched-linux-x86_64 1.0.3 17.72 51.35 69.07 OK
r-patched-solaris-x86 1.0.3 127.00 NOTE
r-release-linux-x86_64 1.0.3 17.48 51.81 69.29 OK
r-release-macos-x86_64 1.0.3 NOTE
r-release-windows-ix86+x86_64 1.0.3 18.00 95.00 113.00 OK
r-oldrel-macos-x86_64 1.0.3 NOTE
r-oldrel-windows-ix86+x86_64 1.0.3 26.00 88.00 114.00 OK

Check Details

Version: 1.0.3
Check: dependencies in R code
Result: NOTE
    Namespaces in Imports field not imported from:
     ‘raster’ ‘sp’
     All declared Imports should be used.
Flavors: r-devel-linux-x86_64-fedora-clang, r-devel-linux-x86_64-fedora-gcc, r-devel-windows-x86_64-gcc10-UCRT, r-patched-solaris-x86, r-release-macos-x86_64, r-oldrel-macos-x86_64