Last updated on 2024-03-12 07:49:56 CET.
Flavor | Version | Tinstall | Tcheck | Ttotal | Status | Flags |
---|---|---|---|---|---|---|
r-devel-linux-x86_64-debian-clang | 2.0.2 | 42.20 | 406.03 | 448.23 | NOTE | |
r-devel-linux-x86_64-debian-gcc | 2.0.2 | 35.53 | 299.39 | 334.92 | NOTE | |
r-devel-linux-x86_64-fedora-clang | 2.0.2 | 538.39 | OK | |||
r-devel-linux-x86_64-fedora-gcc | 2.0.2 | 535.72 | OK | |||
r-devel-windows-x86_64 | 2.0.2 | 35.00 | 244.00 | 279.00 | OK | |
r-patched-linux-x86_64 | 2.0.2 | 26.54 | 393.96 | 420.50 | NOTE | |
r-release-linux-x86_64 | 2.0.2 | 29.74 | 396.37 | 426.11 | NOTE | |
r-release-macos-arm64 | 2.0.2 | 143.00 | NOTE | |||
r-release-macos-x86_64 | 2.0.2 | 334.00 | NOTE | |||
r-release-windows-x86_64 | 2.0.2 | 46.00 | 335.00 | 381.00 | NOTE | |
r-oldrel-macos-arm64 | 2.0.2 | 152.00 | NOTE | |||
r-oldrel-windows-x86_64 | 2.0.2 | 47.00 | 327.00 | 374.00 | NOTE |
Version: 2.0.2
Check: package dependencies
Result: NOTE
Package suggested but not available for checking: ‘INLA’
Flavors: r-devel-linux-x86_64-debian-clang, r-devel-linux-x86_64-debian-gcc, r-patched-linux-x86_64, r-release-linux-x86_64, r-release-macos-arm64, r-release-macos-x86_64, r-release-windows-x86_64, r-oldrel-macos-arm64, r-oldrel-windows-x86_64
Version: 2.0.2
Check: Rd cross-references
Result: NOTE
Package unavailable to check Rd xrefs: ‘INLA’
Flavors: r-devel-linux-x86_64-debian-clang, r-devel-linux-x86_64-debian-gcc, r-patched-linux-x86_64, r-release-linux-x86_64, r-release-macos-arm64, r-release-macos-x86_64, r-release-windows-x86_64, r-oldrel-macos-arm64, r-oldrel-windows-x86_64