CRAN Package Check Results for Package interfr

Last updated on 2021-06-21 08:49:51 CEST.

Flavor Version Tinstall Tcheck Ttotal Status Flags
r-devel-linux-x86_64-debian-clang 0.1.0 2.61 26.60 29.21 OK
r-devel-linux-x86_64-debian-gcc 0.1.0 2.16 20.84 23.00 OK
r-devel-linux-x86_64-fedora-clang 0.1.0 44.35 NOTE
r-devel-linux-x86_64-fedora-gcc 0.1.0 33.91 OK
r-devel-windows-x86_64 0.1.0 4.00 32.00 36.00 OK
r-devel-windows-x86_64-gcc10-UCRT 0.1.0 OK
r-patched-linux-x86_64 0.1.0 2.76 25.93 28.69 OK
r-patched-solaris-x86 0.1.0 56.20 OK
r-release-linux-x86_64 0.1.0 2.70 25.85 28.55 OK
r-release-macos-arm64 0.1.0 OK
r-release-macos-x86_64 0.1.0 OK
r-release-windows-ix86+x86_64 0.1.0 7.00 41.00 48.00 OK
r-oldrel-macos-x86_64 0.1.0 OK
r-oldrel-windows-ix86+x86_64 0.1.0 4.00 0.00 4.00 OK

Check Details

Version: 0.1.0
Check: Rd cross-references
Result: NOTE
    Undeclared package ‘colorspace’ in Rd xrefs
Flavor: r-devel-linux-x86_64-fedora-clang