Last updated on 2024-04-19 08:54:43 CEST.
Flavor | Version | Tinstall | Tcheck | Ttotal | Status | Flags |
---|---|---|---|---|---|---|
r-devel-linux-x86_64-debian-clang | 1.1-6 | 8.66 | 71.50 | 80.16 | OK | |
r-devel-linux-x86_64-debian-gcc | 1.1-6 | OK | ||||
r-devel-linux-x86_64-fedora-clang | 1.1-6 | 95.49 | NOTE | |||
r-devel-linux-x86_64-fedora-gcc | 1.1-6 | 91.09 | NOTE | |||
r-prerel-macos-arm64 | 1.1-6 | 33.00 | OK | |||
r-prerel-macos-x86_64 | 1.1-6 | 100.00 | OK | |||
r-prerel-windows-x86_64 | 1.1-6 | 8.00 | 72.00 | 80.00 | OK | |
r-patched-linux-x86_64 | 1.1-6 | 7.86 | 67.92 | 75.78 | OK | |
r-release-linux-x86_64 | 1.1-6 | 6.03 | 67.81 | 73.84 | OK | |
r-release-macos-arm64 | 1.1-6 | 42.00 | OK | |||
r-release-macos-x86_64 | 1.1-6 | 68.00 | OK | |||
r-release-windows-x86_64 | 1.1-6 | 10.00 | 84.00 | 94.00 | OK | |
r-oldrel-macos-arm64 | 1.1-6 | 208.00 | OK | |||
r-oldrel-windows-x86_64 | 1.1-6 | 9.00 | 88.00 | 97.00 | OK |
Version: 1.1-6
Check: data for non-ASCII characters
Result: NOTE
Note: found 12106 marked UTF-8 strings
Flavors: r-devel-linux-x86_64-fedora-clang, r-devel-linux-x86_64-fedora-gcc