CRAN Package Check Results for Package ipaddress

Last updated on 2021-04-23 08:47:26 CEST.

Flavor Version Tinstall Tcheck Ttotal Status Flags
r-devel-linux-x86_64-debian-clang 0.5.1 157.71 52.44 210.15 OK
r-devel-linux-x86_64-debian-gcc 0.5.1 101.26 41.11 142.37 OK
r-devel-linux-x86_64-fedora-clang 0.5.1 330.27 NOTE
r-devel-linux-x86_64-fedora-gcc 0.5.1 275.61 OK
r-devel-windows-ix86+x86_64 0.5.1 353.00 97.00 450.00 OK
r-devel-windows-x86_64-gcc10-UCRT 0.5.1 ERROR
r-patched-linux-x86_64 0.5.1 125.13 50.64 175.77 OK
r-patched-solaris-x86 0.5.1 240.60 OK
r-release-linux-x86_64 0.5.1 116.35 51.24 167.59 OK
r-release-macos-x86_64 0.5.1 NOTE
r-release-windows-ix86+x86_64 0.5.1 365.00 96.00 461.00 OK
r-oldrel-macos-x86_64 0.5.1 NOTE
r-oldrel-windows-ix86+x86_64 0.5.1 300.00 101.00 401.00 OK

Check Details

Version: 0.5.1
Check: installed package size
Result: NOTE
     installed size is 7.9Mb
     sub-directories of 1Mb or more:
     libs 7.4Mb
Flavors: r-devel-linux-x86_64-fedora-clang, r-release-macos-x86_64, r-oldrel-macos-x86_64

Version: 0.5.1
Check: tests
Result: ERROR
     Running 'testthat.R'
    Running the tests in 'tests/testthat.R' failed.
    Last 13 lines of output:
     -- Failure (test-ip_to_hostname.R:30:3): hostname encoding/decoding works ------
     ip_to_hostname(ip_address("0.0.0.0")) not equal to NA_character_.
     1/1 mismatches
     x[1]: "frodo"
     y[1]: NA
     -- Failure (test-ip_to_hostname.R:34:3): hostname encoding/decoding works ------
     ip_to_hostname\(ip_address\("127\.0\.0\.1"\)\) does not match "localhost".
     Actual value: "frodo"
     -- Failure (test-ip_to_hostname.R:35:3): hostname encoding/decoding works ------
     ip_to_hostname\(ip_address\("::1"\)\) does not match "localhost".
     Actual value: "frodo"
    
     [ FAIL 3 | WARN 0 | SKIP 3 | PASS 794 ]
     Error: Test failures
     Execution halted
Flavor: r-devel-windows-x86_64-gcc10-UCRT