CRAN Package Check Results for Package ipeadatar

Last updated on 2021-04-10 08:48:19 CEST.

Flavor Version Tinstall Tcheck Ttotal Status Flags
r-devel-linux-x86_64-debian-clang 0.1.1 2.30 24.94 27.24 NOTE
r-devel-linux-x86_64-debian-gcc 0.1.1 1.86 19.46 21.32 NOTE
r-devel-linux-x86_64-fedora-clang 0.1.1 39.22 NOTE
r-devel-linux-x86_64-fedora-gcc 0.1.1 29.96 NOTE
r-devel-windows-ix86+x86_64 0.1.1 5.00 0.00 5.00 FAIL
r-devel-windows-x86_64-gcc10-UCRT 0.1.1 NOTE
r-patched-linux-x86_64 0.1.1 2.21 24.37 26.58 OK
r-patched-solaris-x86 0.1.1 50.70 NOTE
r-release-linux-x86_64 0.1.1 2.28 24.03 26.31 OK
r-release-macos-x86_64 0.1.1 NOTE
r-release-windows-ix86+x86_64 0.1.1 5.00 56.00 61.00 OK
r-oldrel-macos-x86_64 0.1.1 NOTE
r-oldrel-windows-ix86+x86_64 0.1.1 5.00 46.00 51.00 OK

Check Details

Version: 0.1.1
Check: LazyData
Result: NOTE
     'LazyData' is specified without a 'data' directory
Flavors: r-devel-linux-x86_64-debian-clang, r-devel-linux-x86_64-debian-gcc, r-devel-linux-x86_64-fedora-clang, r-devel-linux-x86_64-fedora-gcc, r-devel-windows-ix86+x86_64, r-devel-windows-x86_64-gcc10-UCRT

Version: 0.1.1
Check: dependencies in R code
Result: NOTE
    Namespace in Imports field not imported from: ‘curl’
     All declared Imports should be used.
Flavors: r-devel-linux-x86_64-fedora-clang, r-devel-linux-x86_64-fedora-gcc, r-devel-windows-x86_64-gcc10-UCRT, r-patched-solaris-x86, r-release-macos-x86_64, r-oldrel-macos-x86_64

Version: 0.1.1
Check: examples
Result: FAIL
    Check process probably crashed or hung up for 20 minutes ... killed
    Most likely this happened in the example checks (?),
    if not, ignore the following last lines of example output:
    >
    >
    > cleanEx()
    > nameEx("available_subjects")
    > ### * available_subjects
    >
    > flush(stderr()); flush(stdout())
    >
    > ### Name: available_subjects
    > ### Title: List with available subjects
    > ### Aliases: available_subjects
    >
    > ### ** Examples
    >
    > # Available subjects (in English)
    > all_subjects <- available_subjects()
    Warning: `mutate_()` was deprecated in dplyr 0.7.0.
    Please use `mutate()` instead.
    See vignette('programming') for more help
    This warning is displayed once every 8 hours.
    Call `lifecycle::last_warnings()` to see where this warning was generated.
    Warning: `arrange_()` was deprecated in dplyr 0.7.0.
    Please use `arrange()` instead.
    See vignette('programming') for more help
    This warning is displayed once every 8 hours.
    Call `lifecycle::last_warnings()` to see where this warning was generated.
    Warning: `select_()` was deprecated in dplyr 0.7.0.
    Please use `select()` instead.
    This warning is displayed once every 8 hours.
    Call `lifecycle::last_warnings()` to see where this warning was generated.
    ======== End of example output (where/before crash/hang up occured ?) ========
Flavor: r-devel-windows-ix86+x86_64