Last updated on 2024-08-31 08:48:14 CEST.
Flavor | Version | Tinstall | Tcheck | Ttotal | Status | Flags |
---|---|---|---|---|---|---|
r-devel-linux-x86_64-debian-clang | 0.7.4 | 64.38 | 82.55 | 146.93 | OK | |
r-devel-linux-x86_64-debian-gcc | 0.7.4 | 47.12 | 61.29 | 108.41 | OK | |
r-devel-linux-x86_64-fedora-clang | 0.7.4 | 245.35 | OK | |||
r-devel-linux-x86_64-fedora-gcc | 0.7.4 | 269.30 | OK | |||
r-devel-windows-x86_64 | 0.7.4 | 69.00 | 115.00 | 184.00 | OK | |
r-patched-linux-x86_64 | 0.7.4 | 65.86 | 81.25 | 147.11 | OK | |
r-release-linux-x86_64 | 0.7.4 | 66.42 | 82.47 | 148.89 | OK | |
r-release-macos-arm64 | 0.7.4 | 71.00 | NOTE | |||
r-release-macos-x86_64 | 0.7.4 | 93.00 | NOTE | |||
r-release-windows-x86_64 | 0.7.4 | 72.00 | 123.00 | 195.00 | OK | |
r-oldrel-macos-arm64 | 0.7.4 | 75.00 | NOTE | |||
r-oldrel-macos-x86_64 | 0.7.4 | 143.00 | NOTE | |||
r-oldrel-windows-x86_64 | 0.7.4 | 80.00 | 144.00 | 224.00 | OK |
Version: 0.7.4
Check: installed package size
Result: NOTE
installed size is 13.5Mb
sub-directories of 1Mb or more:
libs 12.2Mb
Flavors: r-release-macos-arm64, r-release-macos-x86_64, r-oldrel-macos-arm64, r-oldrel-macos-x86_64