Last updated on 2024-03-12 07:49:56 CET.
Flavor | Version | Tinstall | Tcheck | Ttotal | Status | Flags |
---|---|---|---|---|---|---|
r-devel-linux-x86_64-debian-clang | 0.2 | 10.46 | 96.61 | 107.07 | NOTE | |
r-devel-linux-x86_64-debian-gcc | 0.2 | 10.77 | 74.70 | 85.47 | NOTE | |
r-devel-linux-x86_64-fedora-clang | 0.2 | 141.37 | NOTE | |||
r-devel-linux-x86_64-fedora-gcc | 0.2 | 132.38 | NOTE | |||
r-devel-windows-x86_64 | 0.2 | 13.00 | 83.00 | 96.00 | NOTE | |
r-patched-linux-x86_64 | 0.2 | 7.81 | 96.42 | 104.23 | NOTE | |
r-release-linux-x86_64 | 0.2 | 8.38 | 97.02 | 105.40 | NOTE | |
r-release-macos-arm64 | 0.2 | 43.00 | NOTE | |||
r-release-macos-x86_64 | 0.2 | 71.00 | NOTE | |||
r-release-windows-x86_64 | 0.2 | 15.00 | 102.00 | 117.00 | NOTE | |
r-oldrel-macos-arm64 | 0.2 | 38.00 | NOTE | |||
r-oldrel-windows-x86_64 | 0.2 | 15.00 | 112.00 | 127.00 | NOTE |
Version: 0.2
Check: LazyData
Result: NOTE
'LazyData' is specified without a 'data' directory
Flavors: r-devel-linux-x86_64-debian-clang, r-devel-linux-x86_64-debian-gcc, r-devel-linux-x86_64-fedora-clang, r-devel-linux-x86_64-fedora-gcc, r-devel-windows-x86_64, r-patched-linux-x86_64, r-release-linux-x86_64, r-release-macos-arm64, r-release-macos-x86_64, r-release-windows-x86_64, r-oldrel-macos-arm64, r-oldrel-windows-x86_64