Last updated on 2024-05-07 08:55:06 CEST.
Flavor | Version | Tinstall | Tcheck | Ttotal | Status | Flags |
---|---|---|---|---|---|---|
r-devel-linux-x86_64-debian-clang | 2.0-7.1 | 13.16 | 69.56 | 82.72 | NOTE | |
r-devel-linux-x86_64-debian-gcc | 2.0-7.1 | 10.33 | 51.56 | 61.89 | NOTE | |
r-devel-linux-x86_64-fedora-clang | 2.0-7.1 | 98.51 | NOTE | |||
r-devel-linux-x86_64-fedora-gcc | 2.0-7.1 | 118.77 | NOTE | |||
r-devel-windows-x86_64 | 2.0-7.1 | 13.00 | 92.00 | 105.00 | NOTE | |
r-patched-linux-x86_64 | 2.0-7.1 | 15.72 | 64.81 | 80.53 | NOTE | |
r-release-linux-x86_64 | 2.0-7.1 | 11.11 | 67.25 | 78.36 | NOTE | |
r-release-macos-arm64 | 2.0-7.1 | 40.00 | NOTE | |||
r-release-windows-x86_64 | 2.0-7.1 | 14.00 | 92.00 | 106.00 | NOTE | |
r-oldrel-macos-arm64 | 2.0-7.1 | 37.00 | OK | |||
r-oldrel-macos-x86_64 | 2.0-7.1 | 71.00 | OK | |||
r-oldrel-windows-x86_64 | 2.0-7.1 | 14.00 | 95.00 | 109.00 | OK |
Version: 2.0-7.1
Check: Rd files
Result: NOTE
checkRd: (-1) CLM.Rd:30: Lost braces
30 | item{tau0}{the mean circular Kendall Tau of the initial order with the data.}
| ^
checkRd: (-1) CLM.Rd:30: Lost braces
30 | item{tau0}{the mean circular Kendall Tau of the initial order with the data.}
| ^
Flavors: r-devel-linux-x86_64-debian-clang, r-devel-linux-x86_64-debian-gcc, r-devel-linux-x86_64-fedora-clang, r-devel-linux-x86_64-fedora-gcc, r-devel-windows-x86_64, r-patched-linux-x86_64, r-release-linux-x86_64, r-release-macos-arm64, r-release-windows-x86_64