Last updated on 2024-04-23 08:58:03 CEST.
Flavor | Version | Tinstall | Tcheck | Ttotal | Status | Flags |
---|---|---|---|---|---|---|
r-devel-linux-x86_64-debian-clang | 1.6.0 | 6.50 | 78.45 | 84.95 | NOTE | |
r-devel-linux-x86_64-debian-gcc | 1.6.0 | 5.50 | 57.57 | 63.07 | NOTE | |
r-devel-linux-x86_64-fedora-clang | 1.6.0 | 104.65 | NOTE | |||
r-devel-linux-x86_64-fedora-gcc | 1.6.0 | 99.76 | NOTE | |||
r-prerel-macos-arm64 | 1.6.0 | 33.00 | NOTE | |||
r-prerel-windows-x86_64 | 1.6.0 | 9.00 | 77.00 | 86.00 | NOTE | |
r-patched-linux-x86_64 | 1.6.0 | 5.50 | 73.64 | 79.14 | NOTE | |
r-release-linux-x86_64 | 1.6.0 | 7.28 | 74.10 | 81.38 | NOTE | |
r-release-macos-arm64 | 1.6.0 | 32.00 | NOTE | |||
r-release-macos-x86_64 | 1.6.0 | 51.00 | NOTE | |||
r-release-windows-x86_64 | 1.6.0 | 10.00 | 86.00 | 96.00 | NOTE | |
r-oldrel-macos-arm64 | 1.6.0 | 32.00 | NOTE | |||
r-oldrel-windows-x86_64 | 1.6.0 | 12.00 | 84.00 | 96.00 | NOTE |
Version: 1.6.0
Check: LazyData
Result: NOTE
'LazyData' is specified without a 'data' directory
Flavors: r-devel-linux-x86_64-debian-clang, r-devel-linux-x86_64-debian-gcc, r-devel-linux-x86_64-fedora-clang, r-devel-linux-x86_64-fedora-gcc, r-prerel-macos-arm64, r-prerel-windows-x86_64, r-patched-linux-x86_64, r-release-linux-x86_64, r-release-macos-arm64, r-release-macos-x86_64, r-release-windows-x86_64, r-oldrel-macos-arm64, r-oldrel-windows-x86_64